Last updated on 2025-01-19 05:49:04 CET.
Flavor | Version | Tinstall | Tcheck | Ttotal | Status | Flags |
---|---|---|---|---|---|---|
r-devel-linux-x86_64-debian-clang | 10.0-1 | 55.65 | 366.42 | 422.07 | NOTE | |
r-devel-linux-x86_64-debian-gcc | 10.0-1 | 34.22 | 234.24 | 268.46 | NOTE | |
r-devel-linux-x86_64-fedora-clang | 10.0-1 | 680.87 | OK | |||
r-devel-linux-x86_64-fedora-gcc | 10.0-1 | 631.29 | OK | |||
r-devel-windows-x86_64 | 10.0-1 | 50.00 | 284.00 | 334.00 | NOTE | |
r-patched-linux-x86_64 | 10.0-1 | 54.98 | 336.15 | 391.13 | OK | |
r-release-linux-x86_64 | 10.0-1 | 51.71 | 333.57 | 385.28 | OK | |
r-release-macos-arm64 | 10.0-1 | 152.00 | OK | |||
r-release-macos-x86_64 | 10.0-1 | 256.00 | OK | |||
r-release-windows-x86_64 | 10.0-1 | 53.00 | 287.00 | 340.00 | OK | |
r-oldrel-macos-arm64 | 10.0-1 | 85.00 | OK | |||
r-oldrel-macos-x86_64 | 10.0-1 | 157.00 | OK | |||
r-oldrel-windows-x86_64 | 10.0-1 | 68.00 | 374.00 | 442.00 | OK |
Version: 10.0-1
Check: Rd cross-references
Result: NOTE
Found the following Rd file(s) with Rd \link{} targets missing package
anchors:
age.specific.migration.Rd: wpp2019
pop.aggregate.Rd: bayesLife, bayesTFR
pop.predict.subnat.Rd: bayesTFR, convert.tfr.trajectories
predict.pop.Rd: bayesLife, convert.e0.trajectories, bayesTFR,
convert.tfr.trajectories
Please provide package anchors for all Rd \link{} targets not in the
package itself and the base packages.
Flavors: r-devel-linux-x86_64-debian-clang, r-devel-linux-x86_64-debian-gcc, r-devel-windows-x86_64