Last updated on 2025-01-19 05:49:04 CET.
Flavor | Version | Tinstall | Tcheck | Ttotal | Status | Flags |
---|---|---|---|---|---|---|
r-devel-linux-x86_64-debian-clang | 3.8 | 118.07 | 105.91 | 223.98 | OK | |
r-devel-linux-x86_64-debian-gcc | 3.8 | 82.15 | 69.17 | 151.32 | OK | |
r-devel-linux-x86_64-fedora-clang | 3.8 | 504.38 | OK | |||
r-devel-linux-x86_64-fedora-gcc | 3.8 | 408.61 | OK | |||
r-devel-windows-x86_64 | 3.8 | 147.00 | 143.00 | 290.00 | OK | |
r-patched-linux-x86_64 | 3.8 | 121.01 | 95.25 | 216.26 | OK | |
r-release-linux-x86_64 | 3.8 | 115.69 | 97.46 | 213.15 | OK | |
r-release-macos-arm64 | 3.8 | 84.00 | NOTE | |||
r-release-macos-x86_64 | 3.8 | 121.00 | NOTE | |||
r-release-windows-x86_64 | 3.8 | 149.00 | 225.00 | 374.00 | OK | |
r-oldrel-macos-arm64 | 3.8 | 89.00 | NOTE | |||
r-oldrel-macos-x86_64 | 3.8 | 125.00 | NOTE | |||
r-oldrel-windows-x86_64 | 3.8 | 161.00 | 166.00 | 327.00 | OK |
Version: 3.8
Check: installed package size
Result: NOTE
installed size is 5.9Mb
sub-directories of 1Mb or more:
libs 4.7Mb
Flavors: r-release-macos-arm64, r-release-macos-x86_64, r-oldrel-macos-arm64, r-oldrel-macos-x86_64