Last updated on 2025-01-19 05:49:04 CET.
Flavor | Version | Tinstall | Tcheck | Ttotal | Status | Flags |
---|---|---|---|---|---|---|
r-devel-linux-x86_64-debian-clang | 0.1.3 | 86.52 | 93.97 | 180.49 | OK | |
r-devel-linux-x86_64-debian-gcc | 0.1.3 | 62.78 | 61.66 | 124.44 | OK | |
r-devel-linux-x86_64-fedora-clang | 0.1.3 | 328.43 | OK | |||
r-devel-linux-x86_64-fedora-gcc | 0.1.3 | 322.55 | OK | |||
r-devel-windows-x86_64 | 0.1.3 | 94.00 | 114.00 | 208.00 | OK | |
r-patched-linux-x86_64 | 0.1.3 | 87.54 | 84.50 | 172.04 | OK | |
r-release-linux-x86_64 | 0.1.3 | 86.13 | 84.06 | 170.19 | OK | |
r-release-macos-arm64 | 0.1.3 | 76.00 | NOTE | |||
r-release-macos-x86_64 | 0.1.3 | 90.00 | NOTE | |||
r-release-windows-x86_64 | 0.1.3 | 92.00 | 109.00 | 201.00 | OK | |
r-oldrel-macos-arm64 | 0.1.3 | 86.00 | NOTE | |||
r-oldrel-macos-x86_64 | 0.1.3 | 120.00 | NOTE | |||
r-oldrel-windows-x86_64 | 0.1.3 | 106.00 | 136.00 | 242.00 | OK |
Version: 0.1.3
Check: installed package size
Result: NOTE
installed size is 7.1Mb
sub-directories of 1Mb or more:
help 2.2Mb
libs 4.6Mb
Flavors: r-release-macos-arm64, r-release-macos-x86_64, r-oldrel-macos-arm64, r-oldrel-macos-x86_64