CRAN Package Check Results for Package bayesZIB

Last updated on 2025-01-19 05:49:04 CET.

Flavor Version Tinstall Tcheck Ttotal Status Flags
r-devel-linux-x86_64-debian-clang 0.0.5 125.19 99.46 224.65 OK
r-devel-linux-x86_64-debian-gcc 0.0.5 120.10 81.79 201.89 OK
r-devel-linux-x86_64-fedora-clang 0.0.5 362.00 OK
r-devel-linux-x86_64-fedora-gcc 0.0.5 444.95 OK
r-devel-windows-x86_64 0.0.5 123.00 128.00 251.00 OK
r-patched-linux-x86_64 0.0.5 119.05 104.18 223.23 NOTE
r-release-linux-x86_64 0.0.5 140.28 102.96 243.24 NOTE
r-release-macos-arm64 0.0.5 92.00 NOTE
r-release-macos-x86_64 0.0.5 140.00 NOTE
r-release-windows-x86_64 0.0.5 117.00 121.00 238.00 NOTE
r-oldrel-macos-arm64 0.0.5 159.00 NOTE
r-oldrel-macos-x86_64 0.0.5 373.00 NOTE
r-oldrel-windows-x86_64 0.0.5 165.00 152.00 317.00 NOTE

Check Details

Version: 0.0.5
Check: for GNU extensions in Makefiles
Result: NOTE GNU make is a SystemRequirements. Flavors: r-patched-linux-x86_64, r-release-linux-x86_64, r-release-macos-arm64, r-release-macos-x86_64, r-release-windows-x86_64, r-oldrel-macos-arm64, r-oldrel-macos-x86_64, r-oldrel-windows-x86_64

Version: 0.0.5
Check: installed package size
Result: NOTE installed size is 39.3Mb sub-directories of 1Mb or more: libs 39.1Mb Flavors: r-release-macos-arm64, r-release-macos-x86_64, r-oldrel-macos-arm64, r-oldrel-macos-x86_64