Last updated on 2025-01-19 05:49:04 CET.
Flavor | Version | Tinstall | Tcheck | Ttotal | Status | Flags |
---|---|---|---|---|---|---|
r-devel-linux-x86_64-debian-clang | 0.0.1.4 | 2158.17 | 197.37 | 2355.54 | OK | |
r-devel-linux-x86_64-debian-gcc | 0.0.1.4 | 1773.79 | 294.38 | 2068.17 | OK | |
r-devel-linux-x86_64-fedora-clang | 0.0.1.4 | 3616.35 | OK | |||
r-devel-linux-x86_64-fedora-gcc | 0.0.1.4 | 5465.60 | OK | |||
r-devel-windows-x86_64 | 0.0.1.4 | 1935.00 | 362.00 | 2297.00 | OK | |
r-patched-linux-x86_64 | 0.0.1.4 | 2306.45 | 394.01 | 2700.46 | NOTE | |
r-release-linux-x86_64 | 0.0.1.4 | 2389.94 | 394.65 | 2784.59 | NOTE | |
r-release-macos-arm64 | 0.0.1.4 | 752.00 | NOTE | |||
r-release-macos-x86_64 | 0.0.1.4 | 567.00 | NOTE | |||
r-release-windows-x86_64 | 0.0.1.4 | 1850.00 | 361.00 | 2211.00 | NOTE | |
r-oldrel-macos-arm64 | 0.0.1.4 | 857.00 | NOTE | |||
r-oldrel-macos-x86_64 | 0.0.1.4 | 694.00 | NOTE | |||
r-oldrel-windows-x86_64 | 0.0.1.4 | 2322.00 | 462.00 | 2784.00 | NOTE |
Version: 0.0.1.4
Check: for GNU extensions in Makefiles
Result: NOTE
GNU make is a SystemRequirements.
Flavors: r-patched-linux-x86_64, r-release-linux-x86_64, r-release-macos-arm64, r-release-macos-x86_64, r-release-windows-x86_64, r-oldrel-macos-arm64, r-oldrel-macos-x86_64, r-oldrel-windows-x86_64
Version: 0.0.1.4
Check: installed package size
Result: NOTE
installed size is 244.5Mb
sub-directories of 1Mb or more:
libs 243.7Mb
Flavors: r-release-macos-arm64, r-release-macos-x86_64, r-release-windows-x86_64, r-oldrel-macos-arm64, r-oldrel-macos-x86_64, r-oldrel-windows-x86_64