Last updated on 2025-01-19 05:49:04 CET.
Flavor | Version | Tinstall | Tcheck | Ttotal | Status | Flags |
---|---|---|---|---|---|---|
r-devel-linux-x86_64-debian-clang | 3.4 | 16.21 | 132.29 | 148.50 | NOTE | |
r-devel-linux-x86_64-debian-gcc | 3.4 | 10.67 | 87.60 | 98.27 | NOTE | |
r-devel-linux-x86_64-fedora-clang | 3.4 | 248.23 | OK | |||
r-devel-linux-x86_64-fedora-gcc | 3.4 | 247.50 | OK | |||
r-devel-windows-x86_64 | 3.4 | 17.00 | 145.00 | 162.00 | NOTE | |
r-patched-linux-x86_64 | 3.4 | 18.13 | 126.97 | 145.10 | OK | |
r-release-linux-x86_64 | 3.4 | 14.04 | 125.13 | 139.17 | OK | |
r-release-macos-arm64 | 3.4 | 65.00 | OK | |||
r-release-macos-x86_64 | 3.4 | 105.00 | OK | |||
r-release-windows-x86_64 | 3.4 | 18.00 | 149.00 | 167.00 | OK | |
r-oldrel-macos-arm64 | 3.4 | 75.00 | OK | |||
r-oldrel-macos-x86_64 | 3.4 | 155.00 | OK | |||
r-oldrel-windows-x86_64 | 3.4 | 19.00 | 179.00 | 198.00 | OK |
Version: 3.4
Check: Rd cross-references
Result: NOTE
Found the following Rd file(s) with Rd \link{} targets missing package
anchors:
convolve.Rd: funnel
Please provide package anchors for all Rd \link{} targets not in the
package itself and the base packages.
Flavors: r-devel-linux-x86_64-debian-clang, r-devel-linux-x86_64-debian-gcc, r-devel-windows-x86_64