Last updated on 2025-01-19 05:49:04 CET.
Flavor | Version | Tinstall | Tcheck | Ttotal | Status | Flags |
---|---|---|---|---|---|---|
r-devel-linux-x86_64-debian-clang | 2.1.3.0 | 26.53 | 199.06 | 225.59 | OK | |
r-devel-linux-x86_64-debian-gcc | 2.1.3.0 | 17.85 | 138.84 | 156.69 | OK | |
r-devel-linux-x86_64-fedora-clang | 2.1.3.0 | 364.03 | OK | |||
r-devel-linux-x86_64-fedora-gcc | 2.1.3.0 | 368.43 | OK | |||
r-devel-windows-x86_64 | 2.1.3.0 | 26.00 | 206.00 | 232.00 | OK | |
r-patched-linux-x86_64 | 2.1.3.0 | 25.89 | 186.23 | 212.12 | OK | |
r-release-linux-x86_64 | 2.1.3.0 | 24.74 | 187.09 | 211.83 | OK | |
r-release-macos-arm64 | 2.1.3.0 | 110.00 | NOTE | |||
r-release-macos-x86_64 | 2.1.3.0 | 344.00 | NOTE | |||
r-release-windows-x86_64 | 2.1.3.0 | 26.00 | 198.00 | 224.00 | NOTE | |
r-oldrel-macos-arm64 | 2.1.3.0 | 142.00 | NOTE | |||
r-oldrel-macos-x86_64 | 2.1.3.0 | 222.00 | NOTE | |||
r-oldrel-windows-x86_64 | 2.1.3.0 | 36.00 | 254.00 | 290.00 | NOTE |
Version: 2.1.3.0
Check: installed package size
Result: NOTE
installed size is 5.3Mb
sub-directories of 1Mb or more:
data 3.7Mb
Flavors: r-release-macos-arm64, r-release-macos-x86_64, r-release-windows-x86_64, r-oldrel-macos-arm64, r-oldrel-macos-x86_64, r-oldrel-windows-x86_64