Last updated on 2025-01-19 05:49:04 CET.
Flavor | Version | Tinstall | Tcheck | Ttotal | Status | Flags |
---|---|---|---|---|---|---|
r-devel-linux-x86_64-debian-clang | 0.3.0 | 109.58 | 25.36 | 134.94 | OK | |
r-devel-linux-x86_64-debian-gcc | 0.3.0 | 77.25 | 20.32 | 97.57 | OK | |
r-devel-linux-x86_64-fedora-clang | 0.3.0 | 260.94 | OK | |||
r-devel-linux-x86_64-fedora-gcc | 0.3.0 | 281.44 | OK | |||
r-devel-windows-x86_64 | 0.3.0 | 106.00 | 70.00 | 176.00 | OK | |
r-patched-linux-x86_64 | 0.3.0 | 108.00 | 23.35 | 131.35 | OK | |
r-release-linux-x86_64 | 0.3.0 | 108.72 | 23.21 | 131.93 | OK | |
r-release-macos-arm64 | 0.3.0 | 55.00 | NOTE | |||
r-release-macos-x86_64 | 0.3.0 | 77.00 | NOTE | |||
r-release-windows-x86_64 | 0.3.0 | 105.00 | 66.00 | 171.00 | OK | |
r-oldrel-macos-arm64 | 0.3.0 | 61.00 | NOTE | |||
r-oldrel-macos-x86_64 | 0.3.0 | 82.00 | NOTE | |||
r-oldrel-windows-x86_64 | 0.3.0 | 118.00 | 76.00 | 194.00 | OK |
Version: 0.3.0
Check: installed package size
Result: NOTE
installed size is 5.4Mb
sub-directories of 1Mb or more:
libs 5.3Mb
Flavors: r-release-macos-arm64, r-release-macos-x86_64, r-oldrel-macos-arm64, r-oldrel-macos-x86_64