CRAN Package Check Results for Package bc3net

Last updated on 2025-01-19 05:49:04 CET.

Flavor Version Tinstall Tcheck Ttotal Status Flags
r-devel-linux-x86_64-debian-clang 1.0.4 6.39 60.82 67.21 NOTE
r-devel-linux-x86_64-debian-gcc 1.0.4 5.55 46.19 51.74 NOTE
r-devel-linux-x86_64-fedora-clang 1.0.4 110.26 OK
r-devel-linux-x86_64-fedora-gcc 1.0.4 107.69 OK
r-devel-windows-x86_64 1.0.4 9.00 76.00 85.00 NOTE
r-patched-linux-x86_64 1.0.4 11.03 57.51 68.54 OK
r-release-linux-x86_64 1.0.4 6.40 58.58 64.98 OK
r-release-macos-arm64 1.0.4 37.00 OK
r-release-macos-x86_64 1.0.4 66.00 OK
r-release-windows-x86_64 1.0.4 8.00 78.00 86.00 OK
r-oldrel-macos-arm64 1.0.4 38.00 OK
r-oldrel-macos-x86_64 1.0.4 57.00 OK
r-oldrel-windows-x86_64 1.0.4 9.00 90.00 99.00 OK

Check Details

Version: 1.0.4
Check: Rd cross-references
Result: NOTE Found the following Rd file(s) with Rd \link{} targets missing package anchors: c3mtc.Rd: c3 Please provide package anchors for all Rd \link{} targets not in the package itself and the base packages. Flavors: r-devel-linux-x86_64-debian-clang, r-devel-linux-x86_64-debian-gcc, r-devel-windows-x86_64