Last updated on 2025-01-19 05:49:04 CET.
Flavor | Version | Tinstall | Tcheck | Ttotal | Status | Flags |
---|---|---|---|---|---|---|
r-devel-linux-x86_64-debian-clang | 2.0.2 | 82.25 | 31.91 | 114.16 | OK | |
r-devel-linux-x86_64-debian-gcc | 2.0.2 | 56.16 | 25.66 | 81.82 | OK | |
r-devel-linux-x86_64-fedora-clang | 2.0.2 | 222.43 | OK | |||
r-devel-linux-x86_64-fedora-gcc | 2.0.2 | 241.43 | OK | |||
r-devel-windows-x86_64 | 2.0.2 | 92.00 | 75.00 | 167.00 | OK | |
r-patched-linux-x86_64 | 2.0.2 | 78.87 | 29.94 | 108.81 | NOTE | |
r-release-linux-x86_64 | 2.0.2 | 82.71 | 30.49 | 113.20 | NOTE | |
r-release-macos-arm64 | 2.0.2 | 60.00 | NOTE | |||
r-release-macos-x86_64 | 2.0.2 | 74.00 | NOTE | |||
r-release-windows-x86_64 | 2.0.2 | 89.00 | 73.00 | 162.00 | NOTE | |
r-oldrel-macos-arm64 | 2.0.2 | 60.00 | NOTE | |||
r-oldrel-macos-x86_64 | 2.0.2 | 76.00 | NOTE | |||
r-oldrel-windows-x86_64 | 2.0.2 | 104.00 | 82.00 | 186.00 | NOTE |
Version: 2.0.2
Check: for GNU extensions in Makefiles
Result: NOTE
GNU make is a SystemRequirements.
Flavors: r-patched-linux-x86_64, r-release-linux-x86_64, r-release-macos-arm64, r-release-macos-x86_64, r-release-windows-x86_64, r-oldrel-macos-arm64, r-oldrel-macos-x86_64, r-oldrel-windows-x86_64
Version: 2.0.2
Check: installed package size
Result: NOTE
installed size is 7.0Mb
sub-directories of 1Mb or more:
libs 5.9Mb
Flavors: r-release-macos-arm64, r-release-macos-x86_64, r-oldrel-macos-arm64, r-oldrel-macos-x86_64