Last updated on 2025-01-19 05:49:04 CET.
Flavor | Version | Tinstall | Tcheck | Ttotal | Status | Flags |
---|---|---|---|---|---|---|
r-devel-linux-x86_64-debian-clang | 0.1.4 | 4.00 | 56.96 | 60.96 | NOTE | |
r-devel-linux-x86_64-debian-gcc | 0.1.4 | 2.56 | 38.25 | 40.81 | NOTE | |
r-devel-linux-x86_64-fedora-clang | 0.1.4 | 96.31 | OK | |||
r-devel-linux-x86_64-fedora-gcc | 0.1.4 | 99.27 | OK | |||
r-devel-windows-x86_64 | 0.1.4 | 6.00 | 78.00 | 84.00 | NOTE | |
r-patched-linux-x86_64 | 0.1.4 | 3.37 | 54.60 | 57.97 | OK | |
r-release-linux-x86_64 | 0.1.4 | 3.38 | 54.76 | 58.14 | OK | |
r-release-macos-arm64 | 0.1.4 | 32.00 | OK | |||
r-release-macos-x86_64 | 0.1.4 | 52.00 | OK | |||
r-release-windows-x86_64 | 0.1.4 | 5.00 | 78.00 | 83.00 | OK | |
r-oldrel-macos-arm64 | 0.1.4 | 34.00 | OK | |||
r-oldrel-macos-x86_64 | 0.1.4 | 55.00 | OK | |||
r-oldrel-windows-x86_64 | 0.1.4 | 6.00 | 88.00 | 94.00 | OK |
Version: 0.1.4
Check: Rd cross-references
Result: NOTE
Found the following Rd file(s) with Rd \link{} targets missing package
anchors:
bcmarg.Rd: gls
summary.bcmmrm.Rd: glsObject
Please provide package anchors for all Rd \link{} targets not in the
package itself and the base packages.
Flavors: r-devel-linux-x86_64-debian-clang, r-devel-linux-x86_64-debian-gcc, r-devel-windows-x86_64