Last updated on 2025-01-19 05:49:04 CET.
Flavor | Version | Tinstall | Tcheck | Ttotal | Status | Flags |
---|---|---|---|---|---|---|
r-devel-linux-x86_64-debian-clang | 0.5.4 | 7.80 | 50.37 | 58.17 | OK | |
r-devel-linux-x86_64-debian-gcc | 0.5.4 | 5.20 | 36.14 | 41.34 | OK | |
r-devel-linux-x86_64-fedora-clang | 0.5.4 | 94.65 | NOTE | |||
r-devel-linux-x86_64-fedora-gcc | 0.5.4 | 88.52 | NOTE | |||
r-devel-windows-x86_64 | 0.5.4 | 9.00 | 66.00 | 75.00 | OK | |
r-patched-linux-x86_64 | 0.5.4 | 7.30 | 46.77 | 54.07 | OK | |
r-release-linux-x86_64 | 0.5.4 | 6.55 | 48.78 | 55.33 | OK | |
r-release-macos-arm64 | 0.5.4 | 27.00 | NOTE | |||
r-release-macos-x86_64 | 0.5.4 | 42.00 | NOTE | |||
r-release-windows-x86_64 | 0.5.4 | 8.00 | 68.00 | 76.00 | NOTE | |
r-oldrel-macos-arm64 | 0.5.4 | 30.00 | NOTE | |||
r-oldrel-macos-x86_64 | 0.5.4 | 42.00 | NOTE | |||
r-oldrel-windows-x86_64 | 0.5.4 | 10.00 | 75.00 | 85.00 | NOTE |
Version: 0.5.4
Check: dependencies in R code
Result: NOTE
Namespaces in Imports field not imported from:
‘knitr’ ‘rlang’
All declared Imports should be used.
Flavors: r-devel-linux-x86_64-fedora-clang, r-devel-linux-x86_64-fedora-gcc
Version: 0.5.4
Check: package dependencies
Result: NOTE
Package suggested but not available for checking: ‘BRugs’
Flavors: r-release-macos-arm64, r-release-macos-x86_64, r-release-windows-x86_64, r-oldrel-macos-arm64, r-oldrel-macos-x86_64, r-oldrel-windows-x86_64