CRAN Package Check Results for Package bcrm

Last updated on 2019-10-22 12:47:59 CEST.

Flavor Version Tinstall Tcheck Ttotal Status Flags
r-devel-linux-x86_64-debian-clang 0.5.4 5.99 45.55 51.54 OK
r-devel-linux-x86_64-debian-gcc 0.5.4 5.91 35.15 41.06 OK
r-devel-linux-x86_64-fedora-clang 0.5.4 63.41 NOTE
r-devel-linux-x86_64-fedora-gcc 0.5.4 60.75 NOTE
r-devel-windows-ix86+x86_64 0.5.4 15.00 59.00 74.00 OK
r-patched-linux-x86_64 0.5.4 5.49 44.10 49.59 OK
r-patched-solaris-x86 0.5.4 86.50 NOTE
r-release-linux-x86_64 0.5.4 5.85 43.93 49.78 OK
r-release-windows-ix86+x86_64 0.5.4 20.00 53.00 73.00 OK
r-release-osx-x86_64 0.5.4 NOTE
r-oldrel-windows-ix86+x86_64 0.5.4 12.00 52.00 64.00 OK
r-oldrel-osx-x86_64 0.5.4 NOTE

Check Details

Version: 0.5.4
Check: dependencies in R code
Result: NOTE
    Namespaces in Imports field not imported from:
     ‘knitr’ ‘rlang’
     All declared Imports should be used.
Flavors: r-devel-linux-x86_64-fedora-clang, r-devel-linux-x86_64-fedora-gcc, r-patched-solaris-x86, r-release-osx-x86_64, r-oldrel-osx-x86_64

Version: 0.5.4
Check: package dependencies
Result: NOTE
    Package suggested but not available for checking: ‘BRugs’
Flavors: r-patched-solaris-x86, r-release-osx-x86_64, r-oldrel-osx-x86_64