CRAN Package Check Results for Package bcrm

Last updated on 2020-06-03 12:49:01 CEST.

Flavor Version Tinstall Tcheck Ttotal Status Flags
r-devel-linux-x86_64-debian-clang 0.5.4 7.11 49.75 56.86 OK
r-devel-linux-x86_64-debian-gcc 0.5.4 6.38 38.23 44.61 OK
r-devel-linux-x86_64-fedora-clang 0.5.4 78.48 NOTE
r-devel-linux-x86_64-fedora-gcc 0.5.4 66.24 NOTE
r-devel-windows-ix86+x86_64 0.5.4 28.00 66.00 94.00 OK
r-patched-linux-x86_64 0.5.4 6.88 48.82 55.70 OK
r-patched-solaris-x86 0.5.4 100.70 NOTE
r-release-linux-x86_64 0.5.4 7.28 48.56 55.84 OK
r-release-osx-x86_64 0.5.4 NOTE
r-release-windows-ix86+x86_64 0.5.4 15.00 56.00 71.00 OK
r-oldrel-osx-x86_64 0.5.4 NOTE
r-oldrel-windows-ix86+x86_64 0.5.4 14.00 63.00 77.00 OK

Check Details

Version: 0.5.4
Check: dependencies in R code
Result: NOTE
    Namespaces in Imports field not imported from:
     ‘knitr’ ‘rlang’
     All declared Imports should be used.
Flavors: r-devel-linux-x86_64-fedora-clang, r-devel-linux-x86_64-fedora-gcc, r-patched-solaris-x86, r-release-osx-x86_64, r-oldrel-osx-x86_64

Version: 0.5.4
Check: package dependencies
Result: NOTE
    Package suggested but not available for checking: ‘BRugs’
Flavors: r-patched-solaris-x86, r-release-osx-x86_64, r-oldrel-osx-x86_64