Last updated on 2025-09-29 16:49:43 CEST.
Flavor | Version | Tinstall | Tcheck | Ttotal | Status | Flags |
---|---|---|---|---|---|---|
r-devel-linux-x86_64-debian-clang | 0.1.15 | 4.60 | 42.87 | 47.47 | OK | |
r-devel-linux-x86_64-debian-gcc | 0.1.15 | 3.82 | 31.97 | 35.79 | OK | |
r-devel-linux-x86_64-fedora-clang | 0.1.15 | 73.23 | OK | |||
r-devel-linux-x86_64-fedora-gcc | 0.1.15 | 70.28 | OK | |||
r-devel-windows-x86_64 | 0.1.15 | 7.00 | 57.00 | 64.00 | OK | |
r-patched-linux-x86_64 | 0.1.15 | 4.67 | 40.75 | 45.42 | OK | |
r-release-linux-x86_64 | 0.1.15 | 4.82 | 41.15 | 45.97 | OK | |
r-release-macos-arm64 | 0.1.15 | 28.00 | OK | |||
r-release-macos-x86_64 | 0.1.15 | 41.00 | OK | |||
r-release-windows-x86_64 | 0.1.15 | 10.00 | 59.00 | 69.00 | OK | |
r-oldrel-macos-arm64 | 0.1.15 | 25.00 | NOTE | |||
r-oldrel-macos-x86_64 | 0.1.15 | 37.00 | NOTE | |||
r-oldrel-windows-x86_64 | 0.1.15 | 9.00 | 70.00 | 79.00 | NOTE |
Version: 0.1.15
Check: LazyData
Result: NOTE
'LazyData' is specified without a 'data' directory
Flavors: r-oldrel-macos-arm64, r-oldrel-macos-x86_64, r-oldrel-windows-x86_64