CRAN Package Check Results for Package bde

Last updated on 2025-01-19 05:49:04 CET.

Flavor Version Tinstall Tcheck Ttotal Status Flags
r-devel-linux-x86_64-debian-clang 1.0.1.1 12.05 73.80 85.85 NOTE
r-devel-linux-x86_64-debian-gcc 1.0.1.1 8.18 49.68 57.86 NOTE
r-devel-linux-x86_64-fedora-clang 1.0.1.1 138.67 NOTE
r-devel-linux-x86_64-fedora-gcc 1.0.1.1 129.83 NOTE
r-devel-windows-x86_64 1.0.1.1 13.00 97.00 110.00 NOTE
r-patched-linux-x86_64 1.0.1.1 11.80 69.32 81.12 NOTE
r-release-linux-x86_64 1.0.1.1 11.05 70.28 81.33 NOTE
r-release-macos-arm64 1.0.1.1 37.00 NOTE
r-release-macos-x86_64 1.0.1.1 57.00 NOTE
r-release-windows-x86_64 1.0.1.1 14.00 100.00 114.00 NOTE
r-oldrel-macos-arm64 1.0.1.1 40.00 OK
r-oldrel-macos-x86_64 1.0.1.1 65.00 OK
r-oldrel-windows-x86_64 1.0.1.1 16.00 113.00 129.00 OK

Check Details

Version: 1.0.1.1
Check: Rd files
Result: NOTE checkRd: (-1) bde.Rd:20: Lost braces in \itemize; meant \describe ? checkRd: (-1) bde.Rd:21: Lost braces in \itemize; meant \describe ? checkRd: (-1) bde.Rd:22: Lost braces in \itemize; meant \describe ? checkRd: (-1) bde.Rd:23: Lost braces in \itemize; meant \describe ? checkRd: (-1) bde.Rd:34: Lost braces in \itemize; meant \describe ? checkRd: (-1) bde.Rd:35: Lost braces in \itemize; meant \describe ? checkRd: (-1) bde.Rd:36: Lost braces in \itemize; meant \describe ? checkRd: (-1) bde.Rd:37: Lost braces in \itemize; meant \describe ? checkRd: (-1) bde.Rd:42: Lost braces in \itemize; meant \describe ? checkRd: (-1) bde.Rd:47: Lost braces in \itemize; meant \describe ? checkRd: (-1) bde.Rd:48: Lost braces in \itemize; meant \describe ? checkRd: (-1) bde.Rd:49: Lost braces in \itemize; meant \describe ? checkRd: (-1) bde.Rd:54: Lost braces in \itemize; meant \describe ? checkRd: (-1) bde.Rd:55: Lost braces in \itemize; meant \describe ? checkRd: (-1) bde.Rd:56: Lost braces in \itemize; meant \describe ? Flavors: r-devel-linux-x86_64-debian-clang, r-devel-linux-x86_64-debian-gcc, r-devel-linux-x86_64-fedora-clang, r-devel-linux-x86_64-fedora-gcc, r-devel-windows-x86_64, r-patched-linux-x86_64, r-release-linux-x86_64, r-release-macos-arm64, r-release-macos-x86_64, r-release-windows-x86_64