Last updated on 2024-05-01 16:52:48 CEST.
Flavor | Version | Tinstall | Tcheck | Ttotal | Status | Flags |
---|---|---|---|---|---|---|
r-devel-linux-x86_64-debian-clang | 3.1.0 | 32.95 | 87.38 | 120.33 | OK | |
r-devel-linux-x86_64-debian-gcc | 3.1.0 | 26.28 | 64.85 | 91.13 | OK | |
r-devel-linux-x86_64-fedora-clang | 3.1.0 | 152.64 | NOTE | |||
r-devel-linux-x86_64-fedora-gcc | 3.1.0 | 154.08 | NOTE | |||
r-devel-windows-x86_64 | 3.1.0 | 26.00 | 95.00 | 121.00 | OK | |
r-patched-linux-x86_64 | 3.1.0 | 40.56 | 81.29 | 121.85 | OK | |
r-release-linux-x86_64 | 3.1.0 | 30.39 | 83.42 | 113.81 | OK | |
r-release-macos-arm64 | 3.1.0 | 51.00 | OK | |||
r-release-windows-x86_64 | 3.1.0 | 24.00 | 103.00 | 127.00 | OK | |
r-oldrel-macos-arm64 | 3.1.0 | 81.00 | OK | |||
r-oldrel-macos-x86_64 | 3.1.0 | 171.00 | OK | |||
r-oldrel-windows-x86_64 | 3.1.0 | 32.00 | 112.00 | 144.00 | OK |
Version: 3.1.0
Check: data for non-ASCII characters
Result: NOTE
Note: found 2666 marked UTF-8 strings
Flavors: r-devel-linux-x86_64-fedora-clang, r-devel-linux-x86_64-fedora-gcc