Last updated on 2025-01-19 05:49:04 CET.
Flavor | Version | Tinstall | Tcheck | Ttotal | Status | Flags |
---|---|---|---|---|---|---|
r-devel-linux-x86_64-debian-clang | 1.0.6 | 8.20 | 55.61 | 63.81 | OK | |
r-devel-linux-x86_64-debian-gcc | 1.0.6 | 5.71 | 38.15 | 43.86 | OK | |
r-devel-linux-x86_64-fedora-clang | 1.0.6 | 99.69 | NOTE | |||
r-devel-linux-x86_64-fedora-gcc | 1.0.6 | 93.35 | NOTE | |||
r-devel-windows-x86_64 | 1.0.6 | 9.00 | 69.00 | 78.00 | OK | |
r-patched-linux-x86_64 | 1.0.6 | 7.23 | 50.42 | 57.65 | OK | |
r-release-linux-x86_64 | 1.0.6 | 6.87 | 50.79 | 57.66 | OK | |
r-release-macos-arm64 | 1.0.6 | 34.00 | OK | |||
r-release-macos-x86_64 | 1.0.6 | 54.00 | OK | |||
r-release-windows-x86_64 | 1.0.6 | 9.00 | 67.00 | 76.00 | OK | |
r-oldrel-macos-arm64 | 1.0.6 | 34.00 | OK | |||
r-oldrel-macos-x86_64 | 1.0.6 | 54.00 | OK | |||
r-oldrel-windows-x86_64 | 1.0.6 | 12.00 | 80.00 | 92.00 | OK |
Version: 1.0.6
Check: dependencies in R code
Result: NOTE
Namespaces in Imports field not imported from:
‘Rcpp’ ‘chron’ ‘colorspace’ ‘gtable’ ‘htmltools’ ‘htmlwidgets’
‘httpuv’ ‘magrittr’ ‘munsell’ ‘plyr’ ‘scales’ ‘stringi’ ‘xtable’
‘yaml’
All declared Imports should be used.
Flavors: r-devel-linux-x86_64-fedora-clang, r-devel-linux-x86_64-fedora-gcc