CRAN Package Check Results for Package beats

Last updated on 2020-10-26 11:51:00 CET.

Flavor Version Tinstall Tcheck Ttotal Status Flags
r-devel-linux-x86_64-debian-clang 0.1.1 5.59 41.33 46.92 OK
r-devel-linux-x86_64-debian-gcc 0.1.1 4.57 31.30 35.87 OK
r-devel-linux-x86_64-fedora-clang 0.1.1 65.67 OK
r-devel-linux-x86_64-fedora-gcc 0.1.1 54.04 OK
r-devel-windows-ix86+x86_64 0.1.1 12.00 58.00 70.00 OK
r-patched-linux-x86_64 0.1.1 6.19 38.67 44.86 OK
r-patched-solaris-x86 0.1.1 84.90 NOTE
r-release-linux-x86_64 0.1.1 5.38 38.40 43.78 OK
r-release-macos-x86_64 0.1.1 OK
r-release-windows-ix86+x86_64 0.1.1 10.00 42.00 52.00 OK
r-oldrel-macos-x86_64 0.1.1 OK
r-oldrel-windows-ix86+x86_64 0.1.1 10.00 62.00 72.00 OK

Check Details

Version: 0.1.1
Check: package dependencies
Result: NOTE
    Package suggested but not available for checking: ‘gifski’
Flavor: r-patched-solaris-x86