CRAN Package Check Results for Package bench

Last updated on 2025-01-19 05:49:04 CET.

Flavor Version Tinstall Tcheck Ttotal Status Flags
r-devel-linux-x86_64-debian-clang 1.1.3 5.95 46.05 52.00 NOTE
r-devel-linux-x86_64-debian-gcc 1.1.4 3.87 35.44 39.31 OK
r-devel-linux-x86_64-fedora-clang 1.1.4 81.07 OK
r-devel-linux-x86_64-fedora-gcc 1.1.4 75.01 OK
r-devel-windows-x86_64 1.1.4 14.00 73.00 87.00 OK
r-patched-linux-x86_64 1.1.4 5.89 44.23 50.12 OK
r-release-linux-x86_64 1.1.3 4.78 43.69 48.47 OK
r-release-macos-arm64 1.1.4 39.00 OK
r-release-macos-x86_64 1.1.3 53.00 OK
r-release-windows-x86_64 1.1.3 14.00 76.00 90.00 OK
r-oldrel-macos-arm64 1.1.3 35.00 OK
r-oldrel-macos-x86_64 1.1.3 73.00 OK
r-oldrel-windows-x86_64 1.1.4 16.00 161.00 177.00 OK

Check Details

Version: 1.1.3
Check: Rd cross-references
Result: NOTE Found the following Rd file(s) with Rd \link{} targets missing package anchors: press.Rd: tibble Please provide package anchors for all Rd \link{} targets not in the package itself and the base packages. Flavor: r-devel-linux-x86_64-debian-clang