Last updated on 2024-04-17 13:57:22 CEST.
Flavor | Version | Tinstall | Tcheck | Ttotal | Status | Flags |
---|---|---|---|---|---|---|
r-devel-linux-x86_64-debian-clang | 0.3.1 | 2.89 | 42.77 | 45.66 | NOTE | |
r-devel-linux-x86_64-debian-gcc | 0.3.1 | 2.40 | 30.76 | 33.16 | NOTE | |
r-devel-linux-x86_64-fedora-clang | 0.3.1 | 55.93 | NOTE | |||
r-devel-linux-x86_64-fedora-gcc | 0.3.1 | 52.51 | NOTE | |||
r-prerel-macos-arm64 | 0.3.1 | 20.00 | NOTE | |||
r-prerel-windows-x86_64 | 0.3.1 | 3.00 | 49.00 | 52.00 | NOTE | |
r-patched-linux-x86_64 | 0.3.1 | 3.97 | 34.89 | 38.86 | NOTE | |
r-release-linux-x86_64 | 0.3.1 | 2.85 | 40.56 | 43.41 | OK | |
r-release-macos-arm64 | 0.3.1 | 22.00 | OK | |||
r-release-macos-x86_64 | 0.3.1 | 29.00 | OK | |||
r-release-windows-x86_64 | 0.3.1 | 4.00 | 54.00 | 58.00 | OK | |
r-oldrel-macos-arm64 | 0.3.1 | 20.00 | OK | |||
r-oldrel-windows-x86_64 | 0.3.1 | 42.00 | 56.00 | 98.00 | OK |
Version: 0.3.1
Check: Rd files
Result: NOTE
checkRd: (-1) sockeye.Rd:13-14: Lost braces in \itemize; meant \describe ?
checkRd: (-1) sockeye.Rd:15-16: Lost braces in \itemize; meant \describe ?
checkRd: (-1) stagnant.Rd:13: Lost braces in \itemize; meant \describe ?
checkRd: (-1) stagnant.Rd:14: Lost braces in \itemize; meant \describe ?
Flavors: r-devel-linux-x86_64-debian-clang, r-devel-linux-x86_64-debian-gcc, r-devel-linux-x86_64-fedora-clang, r-devel-linux-x86_64-fedora-gcc, r-prerel-macos-arm64, r-prerel-windows-x86_64, r-patched-linux-x86_64