Last updated on 2024-04-21 12:53:49 CEST.
Flavor | Version | Tinstall | Tcheck | Ttotal | Status | Flags |
---|---|---|---|---|---|---|
r-devel-linux-x86_64-debian-clang | 1.3-8 | 7.84 | 92.21 | 100.05 | NOTE | |
r-devel-linux-x86_64-debian-gcc | 1.3-8 | 5.41 | 68.99 | 74.40 | NOTE | |
r-devel-linux-x86_64-fedora-clang | 1.3-8 | 125.71 | NOTE | |||
r-devel-linux-x86_64-fedora-gcc | 1.3-8 | 132.85 | NOTE | |||
r-prerel-macos-arm64 | 1.3-8 | 45.00 | NOTE | |||
r-prerel-windows-x86_64 | 1.3-8 | 8.00 | 91.00 | 99.00 | NOTE | |
r-patched-linux-x86_64 | 1.3-8 | 7.29 | 87.82 | 95.11 | NOTE | |
r-release-linux-x86_64 | 1.3-8 | 4.93 | 85.63 | 90.56 | OK | |
r-release-macos-arm64 | 1.3-8 | 44.00 | OK | |||
r-release-macos-x86_64 | 1.3-8 | 64.00 | OK | |||
r-release-windows-x86_64 | 1.3-8 | 9.00 | 106.00 | 115.00 | OK | |
r-oldrel-macos-arm64 | 1.3-8 | 39.00 | OK | |||
r-oldrel-windows-x86_64 | 1.3-8 | 9.00 | 104.00 | 113.00 | OK |
Version: 1.3-8
Check: Rd files
Result: NOTE
checkRd: (-1) hill.Rd:39: Lost braces; missing escapes or markup?
39 | \code{a} in {0, 1, 2} (see details))}
| ^
checkRd: (-1) read_ambi.Rd:22: Lost braces in \itemize; meant \describe ?
checkRd: (-1) read_ambi.Rd:23-24: Lost braces in \itemize; meant \describe ?
checkRd: (-1) read_iti.Rd:39: Lost braces in \itemize; meant \describe ?
checkRd: (-1) read_iti.Rd:40: Lost braces in \itemize; meant \describe ?
checkRd: (-1) read_iti.Rd:41: Lost braces in \itemize; meant \describe ?
checkRd: (-1) read_iti.Rd:42: Lost braces in \itemize; meant \describe ?
checkRd: (-1) read_taxa.Rd:26: Lost braces in \itemize; meant \describe ?
checkRd: (-1) read_taxa.Rd:27: Lost braces in \itemize; meant \describe ?
checkRd: (-1) read_taxa.Rd:28: Lost braces in \itemize; meant \describe ?
checkRd: (-1) read_taxa.Rd:29: Lost braces in \itemize; meant \describe ?
checkRd: (-1) read_twn.Rd:36: Lost braces in \itemize; meant \describe ?
checkRd: (-1) read_twn.Rd:37: Lost braces in \itemize; meant \describe ?
checkRd: (-1) read_twn.Rd:38: Lost braces in \itemize; meant \describe ?
checkRd: (-1) read_twn.Rd:23: Lost braces in \itemize; \value handles \item{}{} directly
checkRd: (-1) read_twn.Rd:24: Lost braces in \itemize; \value handles \item{}{} directly
checkRd: (-1) read_twn.Rd:25: Lost braces in \itemize; \value handles \item{}{} directly
checkRd: (-1) read_twn.Rd:26: Lost braces in \itemize; \value handles \item{}{} directly
Flavors: r-devel-linux-x86_64-debian-clang, r-devel-linux-x86_64-debian-gcc, r-devel-linux-x86_64-fedora-clang, r-devel-linux-x86_64-fedora-gcc, r-prerel-macos-arm64, r-prerel-windows-x86_64, r-patched-linux-x86_64