CRAN Package Check Results for Package bestridge

Last updated on 2025-01-19 05:49:04 CET.

Flavor Version Tinstall Tcheck Ttotal Status Flags
r-devel-linux-x86_64-debian-clang 1.0.7 302.36 79.10 381.46 NOTE
r-devel-linux-x86_64-debian-gcc 1.0.7 279.50 103.91 383.41 NOTE
r-devel-linux-x86_64-fedora-clang 1.0.7 635.96 NOTE
r-devel-linux-x86_64-fedora-gcc 1.0.7 884.53 NOTE
r-devel-windows-x86_64 1.0.7 315.00 145.00 460.00 NOTE
r-patched-linux-x86_64 1.0.7 363.92 130.69 494.61 NOTE
r-release-linux-x86_64 1.0.7 367.55 129.67 497.22 NOTE
r-release-macos-arm64 1.0.7 158.00 NOTE
r-release-macos-x86_64 1.0.7 151.00 NOTE
r-release-windows-x86_64 1.0.7 314.00 148.00 462.00 NOTE
r-oldrel-macos-arm64 1.0.7 175.00 NOTE
r-oldrel-macos-x86_64 1.0.7 291.00 NOTE
r-oldrel-windows-x86_64 1.0.7 419.00 180.00 599.00 NOTE

Check Details

Version: 1.0.7
Check: C++ specification
Result: NOTE Specified C++11: please drop specification unless essential Flavors: r-devel-linux-x86_64-debian-clang, r-devel-linux-x86_64-debian-gcc, r-devel-linux-x86_64-fedora-clang, r-devel-linux-x86_64-fedora-gcc, r-devel-windows-x86_64, r-patched-linux-x86_64, r-release-linux-x86_64, r-release-macos-arm64, r-release-macos-x86_64, r-release-windows-x86_64, r-oldrel-macos-arm64, r-oldrel-macos-x86_64, r-oldrel-windows-x86_64

Version: 1.0.7
Check: Rd files
Result: NOTE checkRd: (-1) gen.data.Rd:42: Lost braces 42 | code{cortype = 2} denotes the constant structure, where the \eqn{(i,j)} entry of covariance | ^ Flavors: r-devel-linux-x86_64-debian-clang, r-devel-linux-x86_64-debian-gcc, r-devel-linux-x86_64-fedora-clang, r-devel-linux-x86_64-fedora-gcc, r-devel-windows-x86_64, r-patched-linux-x86_64, r-release-linux-x86_64, r-release-macos-arm64, r-release-macos-x86_64, r-release-windows-x86_64

Version: 1.0.7
Check: installed package size
Result: NOTE installed size is 63.9Mb sub-directories of 1Mb or more: data 2.7Mb libs 60.7Mb Flavors: r-release-macos-arm64, r-release-macos-x86_64, r-oldrel-macos-arm64, r-oldrel-macos-x86_64