CRAN Package Check Results for Package betaper

Last updated on 2025-01-19 05:49:04 CET.

Flavor Version Tinstall Tcheck Ttotal Status Flags
r-devel-linux-x86_64-debian-clang 1.1-2 7.84 60.35 68.19 OK
r-devel-linux-x86_64-debian-gcc 1.1-2 5.01 44.55 49.56 OK
r-devel-linux-x86_64-fedora-clang 1.1-2 106.38 OK
r-devel-linux-x86_64-fedora-gcc 1.1-2 102.09 OK
r-devel-windows-x86_64 1.1-2 7.00 91.00 98.00 OK
r-patched-linux-x86_64 1.1-2 7.16 56.35 63.51 OK
r-release-linux-x86_64 1.1-2 7.09 56.33 63.42 OK
r-release-macos-arm64 1.1-2 40.00 OK
r-release-macos-x86_64 1.1-2 74.00 OK
r-release-windows-x86_64 1.1-2 9.00 92.00 101.00 OK
r-oldrel-macos-arm64 1.1-2 43.00 OK
r-oldrel-macos-x86_64 1.1-2 71.00 OK
r-oldrel-windows-x86_64 1.1-2 9.00 105.00 114.00 WARN

Check Details

Version: 1.1-2
Check: examples
Result: WARN Found the following significant warnings: Warning: 'adonis' is deprecated. Warning: 'adonis' is deprecated. Warning: 'adonis' is deprecated. Warning: 'adonis' is deprecated. Warning: 'adonis' is deprecated. Deprecated functions may be defunct as soon as of the next release of R. See ?Deprecated. Flavor: r-oldrel-windows-x86_64