Last updated on 2025-01-19 05:49:04 CET.
Flavor | Version | Tinstall | Tcheck | Ttotal | Status | Flags |
---|---|---|---|---|---|---|
r-devel-linux-x86_64-debian-clang | 1.3.0 | 105.58 | 151.49 | 257.07 | OK | |
r-devel-linux-x86_64-debian-gcc | 1.3.0 | 73.72 | 87.90 | 161.62 | OK | |
r-devel-linux-x86_64-fedora-clang | 1.3.0 | 483.80 | OK | |||
r-devel-linux-x86_64-fedora-gcc | 1.3.0 | 464.65 | OK | |||
r-devel-windows-x86_64 | 1.3.0 | 118.00 | 194.00 | 312.00 | OK | |
r-patched-linux-x86_64 | 1.3.0 | 98.77 | 138.11 | 236.88 | OK | |
r-release-linux-x86_64 | 1.3.0 | 99.86 | 138.91 | 238.77 | OK | |
r-release-macos-arm64 | 1.3.0 | 92.00 | NOTE | |||
r-release-macos-x86_64 | 1.3.0 | 143.00 | NOTE | |||
r-release-windows-x86_64 | 1.3.0 | 116.00 | 192.00 | 308.00 | OK | |
r-oldrel-macos-arm64 | 1.3.0 | 90.00 | NOTE | |||
r-oldrel-macos-x86_64 | 1.3.0 | 148.00 | NOTE | |||
r-oldrel-windows-x86_64 | 1.3.0 | 127.00 | 233.00 | 360.00 | OK |
Version: 1.3.0
Check: installed package size
Result: NOTE
installed size is 5.6Mb
sub-directories of 1Mb or more:
libs 5.2Mb
Flavors: r-release-macos-arm64, r-release-macos-x86_64, r-oldrel-macos-arm64, r-oldrel-macos-x86_64