Last updated on 2025-01-19 05:49:04 CET.
Flavor | Version | Tinstall | Tcheck | Ttotal | Status | Flags |
---|---|---|---|---|---|---|
r-devel-linux-x86_64-debian-clang | 1.18 | 11.13 | 84.82 | 95.95 | NOTE | |
r-devel-linux-x86_64-debian-gcc | 1.18 | 8.10 | 58.67 | 66.77 | NOTE | |
r-devel-linux-x86_64-fedora-clang | 1.18 | 155.75 | OK | |||
r-devel-linux-x86_64-fedora-gcc | 1.18 | 143.97 | OK | |||
r-devel-windows-x86_64 | 1.18 | 13.00 | 90.00 | 103.00 | NOTE | |
r-patched-linux-x86_64 | 1.18 | 11.76 | 78.03 | 89.79 | OK | |
r-release-linux-x86_64 | 1.18 | 11.12 | 78.08 | 89.20 | OK | |
r-release-macos-arm64 | 1.18 | 48.00 | OK | |||
r-release-macos-x86_64 | 1.18 | 90.00 | OK | |||
r-release-windows-x86_64 | 1.18 | 14.00 | 92.00 | 106.00 | OK | |
r-oldrel-macos-arm64 | 1.18 | 56.00 | OK | |||
r-oldrel-macos-x86_64 | 1.18 | 87.00 | OK | |||
r-oldrel-windows-x86_64 | 1.18 | 15.00 | 108.00 | 123.00 | OK |
Version: 1.18
Check: Rd cross-references
Result: NOTE
Found the following Rd file(s) with Rd \link{} targets missing package
anchors:
bhm-package.Rd: coxph, survival
bhm.Rd: coxph
brm.Rd: coxph
mpl.Rd: coxph
resboot.Rd: coxph
Please provide package anchors for all Rd \link{} targets not in the
package itself and the base packages.
Flavors: r-devel-linux-x86_64-debian-clang, r-devel-linux-x86_64-debian-gcc, r-devel-windows-x86_64