CRAN Package Check Results for Package biblio

Last updated on 2025-01-19 05:49:04 CET.

Flavor Version Tinstall Tcheck Ttotal Status Flags
r-devel-linux-x86_64-debian-clang 0.0.10 6.99 53.82 60.81 NOTE
r-devel-linux-x86_64-debian-gcc 0.0.10 5.15 38.52 43.67 NOTE
r-devel-linux-x86_64-fedora-clang 0.0.10 97.62 OK
r-devel-linux-x86_64-fedora-gcc 0.0.10 90.54 OK
r-devel-windows-x86_64 0.0.10 10.00 72.00 82.00 NOTE
r-patched-linux-x86_64 0.0.10 11.88 49.33 61.21 OK
r-release-linux-x86_64 0.0.10 6.35 49.75 56.10 OK
r-release-macos-arm64 0.0.10 37.00 OK
r-release-macos-x86_64 0.0.10 95.00 OK
r-release-windows-x86_64 0.0.10 10.00 74.00 84.00 OK
r-oldrel-macos-arm64 0.0.10 44.00 OK
r-oldrel-macos-x86_64 0.0.10 68.00 OK
r-oldrel-windows-x86_64 0.0.10 12.00 85.00 97.00 OK

Check Details

Version: 0.0.10
Check: Rd cross-references
Result: NOTE Found the following Rd file(s) with Rd \link{} targets missing package anchors: detect_keys.Rd: read_rmd doi2bib.Rd: cr_cn reflist.Rd: write_rmd, render_rmd Please provide package anchors for all Rd \link{} targets not in the package itself and the base packages. Flavors: r-devel-linux-x86_64-debian-clang, r-devel-linux-x86_64-debian-gcc, r-devel-windows-x86_64