Last updated on 2024-05-01 16:52:48 CEST.
Flavor | Version | Tinstall | Tcheck | Ttotal | Status | Flags |
---|---|---|---|---|---|---|
r-devel-linux-x86_64-debian-clang | 1.0.2 | 4.06 | 45.83 | 49.89 | OK | |
r-devel-linux-x86_64-debian-gcc | 1.0.2 | 2.37 | 34.77 | 37.14 | OK | |
r-devel-linux-x86_64-fedora-clang | 1.0.2 | 60.50 | NOTE | |||
r-devel-linux-x86_64-fedora-gcc | 1.0.2 | 59.59 | NOTE | |||
r-devel-windows-x86_64 | 1.0.2 | 4.00 | 61.00 | 65.00 | OK | |
r-patched-linux-x86_64 | 1.0.2 | 2.06 | 42.85 | 44.91 | OK | |
r-release-linux-x86_64 | 1.0.2 | 2.11 | 44.29 | 46.40 | OK | |
r-release-macos-arm64 | 1.0.2 | 26.00 | OK | |||
r-release-windows-x86_64 | 1.0.2 | 6.00 | 63.00 | 69.00 | OK | |
r-oldrel-macos-arm64 | 1.0.2 | 28.00 | OK | |||
r-oldrel-macos-x86_64 | 1.0.2 | 63.00 | OK | |||
r-oldrel-windows-x86_64 | 1.0.2 | 6.00 | 67.00 | 73.00 | OK |
Version: 1.0.2
Check: data for non-ASCII characters
Result: NOTE
Note: found 573 marked UTF-8 strings
Flavors: r-devel-linux-x86_64-fedora-clang, r-devel-linux-x86_64-fedora-gcc