Last updated on 2025-01-19 05:49:04 CET.
Flavor | Version | Tinstall | Tcheck | Ttotal | Status | Flags |
---|---|---|---|---|---|---|
r-devel-linux-x86_64-debian-clang | 1.1.1 | 2.67 | 24.89 | 27.56 | NOTE | |
r-devel-linux-x86_64-debian-gcc | 1.1.1 | 1.99 | 19.42 | 21.41 | NOTE | |
r-devel-linux-x86_64-fedora-clang | 1.1.1 | 44.67 | NOTE | |||
r-devel-linux-x86_64-fedora-gcc | 1.1.1 | 44.50 | NOTE | |||
r-devel-windows-x86_64 | 1.1.1 | 4.00 | 56.00 | 60.00 | NOTE | |
r-patched-linux-x86_64 | 1.1.1 | 3.09 | 23.74 | 26.83 | NOTE | |
r-release-linux-x86_64 | 1.1.1 | 2.25 | 23.63 | 25.88 | NOTE | |
r-release-macos-arm64 | 1.1.1 | 18.00 | NOTE | |||
r-release-macos-x86_64 | 1.1.1 | 36.00 | NOTE | |||
r-release-windows-x86_64 | 1.1.1 | 4.00 | 45.00 | 49.00 | NOTE | |
r-oldrel-macos-arm64 | 1.1.1 | 21.00 | NOTE | |||
r-oldrel-macos-x86_64 | 1.1.1 | 26.00 | NOTE | |||
r-oldrel-windows-x86_64 | 1.1.1 | 4.00 | 48.00 | 52.00 | NOTE |
Version: 1.1.1
Check: Rd files
Result: NOTE
checkRd: (-1) Jeffreysbs.Rd:17: Escaped LaTeX specials: \&
Flavors: r-devel-linux-x86_64-debian-clang, r-devel-linux-x86_64-debian-gcc, r-devel-linux-x86_64-fedora-clang, r-devel-linux-x86_64-fedora-gcc, r-devel-windows-x86_64, r-patched-linux-x86_64, r-release-linux-x86_64, r-release-macos-arm64, r-release-macos-x86_64, r-release-windows-x86_64, r-oldrel-macos-arm64, r-oldrel-macos-x86_64, r-oldrel-windows-x86_64