CRAN Package Check Results for Package bigmemory

Last updated on 2025-01-19 05:49:04 CET.

Flavor Version Tinstall Tcheck Ttotal Status Flags
r-devel-linux-x86_64-debian-clang 4.6.4 57.30 40.20 97.50 OK
r-devel-linux-x86_64-debian-gcc 4.6.4 47.26 30.56 77.82 OK
r-devel-linux-x86_64-fedora-clang 4.6.4 163.50 OK
r-devel-linux-x86_64-fedora-gcc 4.6.4 198.68 OK
r-devel-windows-x86_64 4.6.4 75.00 86.00 161.00 OK
r-patched-linux-x86_64 4.6.4 63.36 38.16 101.52 OK
r-release-linux-x86_64 4.6.4 65.47 37.65 103.12 OK
r-release-macos-arm64 4.6.4 47.00 NOTE
r-release-macos-x86_64 4.6.4 86.00 NOTE
r-release-windows-x86_64 4.6.4 78.00 82.00 160.00 OK
r-oldrel-macos-arm64 4.6.4 47.00 NOTE
r-oldrel-macos-x86_64 4.6.4 91.00 NOTE
r-oldrel-windows-x86_64 4.6.4 81.00 100.00 181.00 OK

Check Details

Version: 4.6.4
Check: installed package size
Result: NOTE installed size is 7.3Mb sub-directories of 1Mb or more: libs 6.8Mb Flavors: r-release-macos-arm64, r-release-macos-x86_64, r-oldrel-macos-arm64, r-oldrel-macos-x86_64