CRAN Package Check Results for Package bigrquery

Last updated on 2020-05-28 12:48:34 CEST.

Flavor Version Tinstall Tcheck Ttotal Status Flags
r-devel-linux-x86_64-debian-clang 1.3.1 31.01 54.80 85.81 OK
r-devel-linux-x86_64-debian-gcc 1.3.1 23.46 41.95 65.41 OK
r-devel-linux-x86_64-fedora-clang 1.3.1 122.63 OK
r-devel-linux-x86_64-fedora-gcc 1.3.1 107.76 OK
r-devel-windows-ix86+x86_64 1.3.1 81.00 141.00 222.00 OK
r-patched-linux-x86_64 1.3.1 27.61 53.97 81.58 OK
r-patched-solaris-x86 1.3.1 124.30 WARN
r-release-linux-x86_64 1.3.1 25.87 53.84 79.71 OK
r-release-osx-x86_64 1.3.1 OK
r-release-windows-ix86+x86_64 1.3.1 68.00 138.00 206.00 OK
r-oldrel-osx-x86_64 1.3.1 OK
r-oldrel-windows-ix86+x86_64 1.3.1 55.00 96.00 151.00 OK

Check Details

Version: 1.3.1
Check: for unstated dependencies in ‘tests’
Result: WARN
    Warning in deparse(e[[2L]]) :
     it is not known that wchar_t is Unicode on this platform
    Warning in deparse(e[[2L]]) :
     it is not known that wchar_t is Unicode on this platform
Flavor: r-patched-solaris-x86