CRAN Package Check Results for Package bigrquery

Last updated on 2019-10-17 12:47:31 CEST.

Flavor Version Tinstall Tcheck Ttotal Status Flags
r-devel-linux-x86_64-debian-clang 1.2.0 27.92 46.31 74.23 OK
r-devel-linux-x86_64-debian-gcc 1.2.0 20.90 35.54 56.44 OK
r-devel-linux-x86_64-fedora-clang 1.2.0 94.05 OK
r-devel-linux-x86_64-fedora-gcc 1.2.0 93.13 OK
r-devel-windows-ix86+x86_64 1.2.0 67.00 95.00 162.00 OK
r-patched-linux-x86_64 1.2.0 23.43 44.09 67.52 OK
r-patched-solaris-x86 1.2.0 104.00 WARN
r-release-linux-x86_64 1.2.0 23.21 44.63 67.84 OK
r-release-windows-ix86+x86_64 1.2.0 48.00 121.00 169.00 OK
r-release-osx-x86_64 1.2.0 OK
r-oldrel-windows-ix86+x86_64 1.2.0 45.00 85.00 130.00 OK
r-oldrel-osx-x86_64 1.2.0 OK

Check Details

Version: 1.2.0
Check: for unstated dependencies in ‘tests’
Result: WARN
    Warning in deparse(e[[2L]]) :
     it is not known that wchar_t is Unicode on this platform
    Warning in deparse(e[[2L]]) :
     it is not known that wchar_t is Unicode on this platform
Flavor: r-patched-solaris-x86