Last updated on 2025-01-19 05:49:04 CET.
Flavor | Version | Tinstall | Tcheck | Ttotal | Status | Flags |
---|---|---|---|---|---|---|
r-devel-linux-x86_64-debian-clang | 0.1.26 | 64.28 | 106.21 | 170.49 | OK | |
r-devel-linux-x86_64-debian-gcc | 0.1.26 | 50.81 | 75.04 | 125.85 | OK | |
r-devel-linux-x86_64-fedora-clang | 0.1.26 | 326.65 | OK | |||
r-devel-linux-x86_64-fedora-gcc | 0.1.26 | 334.29 | OK | |||
r-devel-windows-x86_64 | 0.1.26 | 66.00 | 142.00 | 208.00 | OK | |
r-patched-linux-x86_64 | 0.1.26 | 51.73 | 100.72 | 152.45 | OK | |
r-release-linux-x86_64 | 0.1.26 | 73.22 | 100.54 | 173.76 | OK | |
r-release-macos-arm64 | 0.1.26 | 82.00 | NOTE | |||
r-release-macos-x86_64 | 0.1.26 | 101.00 | NOTE | |||
r-release-windows-x86_64 | 0.1.26 | 72.00 | 141.00 | 213.00 | OK | |
r-oldrel-macos-arm64 | 0.1.26 | 88.00 | NOTE | |||
r-oldrel-macos-x86_64 | 0.1.26 | 142.00 | NOTE | |||
r-oldrel-windows-x86_64 | 0.1.26 | 82.00 | 174.00 | 256.00 | OK |
Version: 0.1.26
Check: installed package size
Result: NOTE
installed size is 5.5Mb
sub-directories of 1Mb or more:
data 1.1Mb
libs 4.2Mb
Flavors: r-release-macos-arm64, r-release-macos-x86_64, r-oldrel-macos-arm64, r-oldrel-macos-x86_64