Last updated on 2024-05-01 16:52:48 CEST.
Flavor | Version | Tinstall | Tcheck | Ttotal | Status | Flags |
---|---|---|---|---|---|---|
r-devel-linux-x86_64-debian-clang | 0.1.26 | 109.18 | 138.87 | 248.05 | OK | |
r-devel-linux-x86_64-debian-gcc | 0.1.26 | 77.89 | 100.42 | 178.31 | OK | |
r-devel-linux-x86_64-fedora-clang | 0.1.26 | 321.65 | OK | |||
r-devel-linux-x86_64-fedora-gcc | 0.1.26 | 316.26 | OK | |||
r-devel-windows-x86_64 | 0.1.26 | 82.00 | 140.00 | 222.00 | OK | |
r-patched-linux-x86_64 | 0.1.26 | 76.08 | 129.11 | 205.19 | OK | |
r-release-linux-x86_64 | 0.1.26 | 79.53 | 126.81 | 206.34 | OK | |
r-release-macos-arm64 | 0.1.26 | 82.00 | NOTE | |||
r-release-windows-x86_64 | 0.1.26 | 81.00 | 143.00 | 224.00 | OK | |
r-oldrel-macos-arm64 | 0.1.26 | 88.00 | NOTE | |||
r-oldrel-macos-x86_64 | 0.1.26 | 142.00 | NOTE | |||
r-oldrel-windows-x86_64 | 0.1.26 | 103.00 | 169.00 | 272.00 | OK |
Version: 0.1.26
Check: installed package size
Result: NOTE
installed size is 5.5Mb
sub-directories of 1Mb or more:
data 1.1Mb
libs 4.2Mb
Flavors: r-release-macos-arm64, r-oldrel-macos-arm64, r-oldrel-macos-x86_64