Last updated on 2025-01-19 05:49:04 CET.
Flavor | Version | Tinstall | Tcheck | Ttotal | Status | Flags |
---|---|---|---|---|---|---|
r-devel-linux-x86_64-debian-clang | 2.4-5 | 51.85 | 175.04 | 226.89 | OK | |
r-devel-linux-x86_64-debian-gcc | 2.4-5 | 39.27 | 113.98 | 153.25 | OK | |
r-devel-linux-x86_64-fedora-clang | 2.4-5 | 387.02 | OK | |||
r-devel-linux-x86_64-fedora-gcc | 2.4-5 | 391.21 | OK | |||
r-devel-windows-x86_64 | 2.4-5 | 57.00 | 237.00 | 294.00 | OK | |
r-patched-linux-x86_64 | 2.4-5 | 56.98 | 165.56 | 222.54 | OK | |
r-release-linux-x86_64 | 2.4-5 | 50.88 | 164.82 | 215.70 | OK | |
r-release-macos-arm64 | 2.4-5 | 109.00 | NOTE | |||
r-release-macos-x86_64 | 2.4-5 | 260.00 | NOTE | |||
r-release-windows-x86_64 | 2.4-5 | 59.00 | 230.00 | 289.00 | OK | |
r-oldrel-macos-arm64 | 2.4-5 | 110.00 | NOTE | |||
r-oldrel-macos-x86_64 | 2.4-5 | 216.00 | NOTE | |||
r-oldrel-windows-x86_64 | 2.4-5 | 66.00 | 288.00 | 354.00 | OK |
Version: 2.4-5
Check: installed package size
Result: NOTE
installed size is 6.7Mb
sub-directories of 1Mb or more:
R 1.0Mb
libs 3.0Mb
Flavors: r-release-macos-arm64, r-release-macos-x86_64, r-oldrel-macos-arm64, r-oldrel-macos-x86_64
Version: 2.4-5
Check: package dependencies
Result: NOTE
Package suggested but not available for checking: ‘msa’
Flavors: r-oldrel-macos-arm64, r-oldrel-macos-x86_64