Last updated on 2025-01-19 05:49:04 CET.
Flavor | Version | Tinstall | Tcheck | Ttotal | Status | Flags |
---|---|---|---|---|---|---|
r-devel-linux-x86_64-debian-clang | 0.8.1 | 13.20 | 369.32 | 382.52 | OK | |
r-devel-linux-x86_64-debian-gcc | 0.8.1 | 7.26 | 248.23 | 255.49 | OK | |
r-devel-linux-x86_64-fedora-clang | 0.8.1 | 643.25 | OK | |||
r-devel-linux-x86_64-fedora-gcc | 0.8.1 | 657.91 | OK | |||
r-devel-windows-x86_64 | 0.8.1 | 18.00 | 421.00 | 439.00 | OK | |
r-patched-linux-x86_64 | 0.8.1 | 13.89 | 350.29 | 364.18 | OK | |
r-release-linux-x86_64 | 0.8.1 | 11.81 | 358.97 | 370.78 | OK | |
r-release-macos-arm64 | 0.8.1 | 192.00 | NOTE | |||
r-release-macos-x86_64 | 0.8.1 | 518.00 | NOTE | |||
r-release-windows-x86_64 | 0.8.1 | 16.00 | 444.00 | 460.00 | NOTE | |
r-oldrel-macos-arm64 | 0.8.1 | 216.00 | NOTE | |||
r-oldrel-macos-x86_64 | 0.8.1 | 428.00 | NOTE | |||
r-oldrel-windows-x86_64 | 0.8.1 | 17.00 | 504.00 | 521.00 | NOTE |
Version: 0.8.1
Check: installed package size
Result: NOTE
installed size is 5.6Mb
sub-directories of 1Mb or more:
data 1.6Mb
extdata 2.0Mb
Flavors: r-release-macos-arm64, r-release-macos-x86_64, r-release-windows-x86_64, r-oldrel-macos-arm64, r-oldrel-macos-x86_64, r-oldrel-windows-x86_64