Last updated on 2025-01-19 05:49:04 CET.
Flavor | Version | Tinstall | Tcheck | Ttotal | Status | Flags |
---|---|---|---|---|---|---|
r-devel-linux-x86_64-debian-clang | 1.4.3 | 16.18 | 127.34 | 143.52 | NOTE | |
r-devel-linux-x86_64-debian-gcc | 1.4.3 | 9.41 | 84.51 | 93.92 | NOTE | |
r-devel-linux-x86_64-fedora-clang | 1.4.3 | 244.12 | OK | |||
r-devel-linux-x86_64-fedora-gcc | 1.4.3 | 232.47 | OK | |||
r-devel-windows-x86_64 | 1.4.3 | 19.00 | 157.00 | 176.00 | NOTE | |
r-patched-linux-x86_64 | 1.4.3 | 20.68 | 119.72 | 140.40 | OK | |
r-release-linux-x86_64 | 1.4.3 | 14.58 | 118.11 | 132.69 | OK | |
r-release-macos-arm64 | 1.4.3 | 60.00 | OK | |||
r-release-macos-x86_64 | 1.4.3 | 102.00 | OK | |||
r-release-windows-x86_64 | 1.4.3 | 15.00 | 164.00 | 179.00 | OK | |
r-oldrel-macos-arm64 | 1.4.3 | 66.00 | OK | |||
r-oldrel-macos-x86_64 | 1.4.3 | 179.00 | OK | |||
r-oldrel-windows-x86_64 | 1.4.3 | 17.00 | 177.00 | 194.00 | OK |
Version: 1.4.3
Check: Rd cross-references
Result: NOTE
Found the following Rd file(s) with Rd \link{} targets missing package
anchors:
bilat.Rd: intersect.owin
Please provide package anchors for all Rd \link{} targets not in the
package itself and the base packages.
Flavors: r-devel-linux-x86_64-debian-clang, r-devel-linux-x86_64-debian-gcc, r-devel-windows-x86_64