Last updated on 2025-01-19 05:49:04 CET.
Flavor | Version | Tinstall | Tcheck | Ttotal | Status | Flags |
---|---|---|---|---|---|---|
r-devel-linux-x86_64-debian-clang | 1.1.1-1 | 32.79 | 175.86 | 208.65 | OK | |
r-devel-linux-x86_64-debian-gcc | 1.1.1-1 | 21.87 | 124.47 | 146.34 | OK | |
r-devel-linux-x86_64-fedora-clang | 1.1.1-1 | 335.23 | OK | |||
r-devel-linux-x86_64-fedora-gcc | 1.1.1-1 | 331.40 | OK | |||
r-devel-windows-x86_64 | 1.1.1-1 | 36.00 | 180.00 | 216.00 | OK | |
r-patched-linux-x86_64 | 1.1.1-1 | 29.95 | 160.66 | 190.61 | OK | |
r-release-linux-x86_64 | 1.1.1-1 | 29.54 | 162.00 | 191.54 | OK | |
r-release-macos-arm64 | 1.1.1-1 | 99.00 | NOTE | |||
r-release-macos-x86_64 | 1.1.1-1 | 173.00 | NOTE | |||
r-release-windows-x86_64 | 1.1.1-1 | 36.00 | 182.00 | 218.00 | NOTE | |
r-oldrel-macos-arm64 | 1.1.1-1 | 101.00 | NOTE | |||
r-oldrel-macos-x86_64 | 1.1.1-1 | 163.00 | NOTE | |||
r-oldrel-windows-x86_64 | 1.1.1-1 | 45.00 | 231.00 | 276.00 | NOTE |
Version: 1.1.1-1
Check: installed package size
Result: NOTE
installed size is 6.2Mb
sub-directories of 1Mb or more:
data 1.7Mb
help 2.6Mb
Flavors: r-release-macos-arm64, r-release-macos-x86_64, r-release-windows-x86_64, r-oldrel-macos-arm64, r-oldrel-macos-x86_64, r-oldrel-windows-x86_64