Last updated on 2025-01-19 05:49:04 CET.
Flavor | Version | Tinstall | Tcheck | Ttotal | Status | Flags |
---|---|---|---|---|---|---|
r-devel-linux-x86_64-debian-clang | 1.1.2 | 183.82 | 143.99 | 327.81 | NOTE | |
r-devel-linux-x86_64-debian-gcc | 1.1.2 | 157.74 | 118.44 | 276.18 | NOTE | |
r-devel-linux-x86_64-fedora-clang | 1.1.2 | 513.30 | OK | |||
r-devel-linux-x86_64-fedora-gcc | 1.1.2 | 642.73 | OK | |||
r-devel-windows-x86_64 | 1.1.2 | 162.00 | 189.00 | 351.00 | NOTE | |
r-patched-linux-x86_64 | 1.1.2 | 178.15 | 150.66 | 328.81 | NOTE | |
r-release-linux-x86_64 | 1.1.2 | 191.77 | 152.75 | 344.52 | NOTE | |
r-release-macos-arm64 | 1.1.2 | 143.00 | NOTE | |||
r-release-macos-x86_64 | 1.1.2 | 258.00 | NOTE | |||
r-release-windows-x86_64 | 1.1.2 | 160.00 | 186.00 | 346.00 | NOTE | |
r-oldrel-macos-arm64 | 1.1.2 | 249.00 | NOTE | |||
r-oldrel-macos-x86_64 | 1.1.2 | 546.00 | NOTE | |||
r-oldrel-windows-x86_64 | 1.1.2 | 219.00 | 226.00 | 445.00 | NOTE |
Version: 1.1.2
Check: Rd cross-references
Result: NOTE
Found the following Rd file(s) with Rd \link{} targets missing package
anchors:
waic.cumhist.Rd: loo-package
Please provide package anchors for all Rd \link{} targets not in the
package itself and the base packages.
Flavors: r-devel-linux-x86_64-debian-clang, r-devel-linux-x86_64-debian-gcc, r-devel-windows-x86_64
Version: 1.1.2
Check: for GNU extensions in Makefiles
Result: NOTE
GNU make is a SystemRequirements.
Flavors: r-patched-linux-x86_64, r-release-linux-x86_64, r-release-macos-arm64, r-release-macos-x86_64, r-release-windows-x86_64, r-oldrel-macos-arm64, r-oldrel-macos-x86_64, r-oldrel-windows-x86_64
Version: 1.1.2
Check: installed package size
Result: NOTE
installed size is 54.7Mb
sub-directories of 1Mb or more:
libs 53.8Mb
Flavors: r-release-macos-arm64, r-release-macos-x86_64, r-oldrel-macos-arm64, r-oldrel-macos-x86_64