Last updated on 2024-04-21 12:53:49 CEST.
Flavor | Version | Tinstall | Tcheck | Ttotal | Status | Flags |
---|---|---|---|---|---|---|
r-devel-linux-x86_64-debian-clang | 0.20.21 | 47.35 | 74.31 | 121.66 | OK | |
r-devel-linux-x86_64-debian-gcc | 0.20.21 | 38.20 | 55.09 | 93.29 | OK | |
r-devel-linux-x86_64-fedora-clang | 0.20.21 | 177.04 | NOTE | |||
r-devel-linux-x86_64-fedora-gcc | 0.20.21 | 169.47 | OK | |||
r-prerel-macos-arm64 | 0.20.21 | 40.00 | OK | |||
r-prerel-windows-x86_64 | 0.20.21 | 40.00 | 91.00 | 131.00 | OK | |
r-patched-linux-x86_64 | 0.20.21 | 49.78 | 72.64 | 122.42 | OK | |
r-release-linux-x86_64 | 0.20.21 | 56.70 | 71.46 | 128.16 | OK | |
r-release-macos-arm64 | 0.20.21 | 51.00 | OK | |||
r-release-macos-x86_64 | 0.20.21 | 89.00 | OK | |||
r-release-windows-x86_64 | 0.20.21 | 52.00 | 116.00 | 168.00 | OK | |
r-oldrel-macos-arm64 | 0.20.21 | 51.00 | OK | |||
r-oldrel-windows-x86_64 | 0.20.21 | 48.00 | 106.00 | 154.00 | OK |
Version: 0.20.21
Check: Rd cross-references
Result: NOTE
Undeclared package ‘RColorBrewer’ in Rd xrefs
Flavor: r-devel-linux-x86_64-fedora-clang