Last updated on 2024-04-21 12:53:49 CEST.
Flavor | Version | Tinstall | Tcheck | Ttotal | Status | Flags |
---|---|---|---|---|---|---|
r-devel-linux-x86_64-debian-clang | 1.0.16 | 6.89 | 89.89 | 96.78 | NOTE | |
r-devel-linux-x86_64-debian-gcc | 1.0.16 | 4.62 | 65.88 | 70.50 | OK | |
r-devel-linux-x86_64-fedora-clang | 1.0.16 | 120.98 | NOTE | |||
r-devel-linux-x86_64-fedora-gcc | 1.0.16 | 130.13 | OK | |||
r-prerel-macos-arm64 | 1.0.16 | 46.00 | OK | |||
r-prerel-macos-x86_64 | 1.0.16 | 161.00 | OK | |||
r-prerel-windows-x86_64 | 1.0.16 | 11.00 | 143.00 | 154.00 | OK | |
r-patched-linux-x86_64 | 1.0.16 | 6.56 | 84.73 | 91.29 | OK | |
r-release-linux-x86_64 | 1.0.16 | 6.26 | 85.64 | 91.90 | OK | |
r-release-macos-arm64 | 1.0.16 | 52.00 | OK | |||
r-release-macos-x86_64 | 1.0.16 | 160.00 | OK | |||
r-release-windows-x86_64 | 1.0.16 | 14.00 | 162.00 | 176.00 | OK | |
r-oldrel-macos-arm64 | 1.0.16 | 49.00 | OK | |||
r-oldrel-windows-x86_64 | 1.0.16 | 12.00 | 159.00 | 171.00 | OK |
Version: 1.0.16
Check: package dependencies
Result: NOTE
Package suggested but not available for checking: ‘RQuantLib’
Flavors: r-devel-linux-x86_64-debian-clang, r-devel-linux-x86_64-fedora-clang