CRAN Package Check Results for Package blaster

Last updated on 2025-01-19 05:49:04 CET.

Flavor Version Tinstall Tcheck Ttotal Status Flags
r-devel-linux-x86_64-debian-clang 1.0.7 34.48 21.80 56.28 OK
r-devel-linux-x86_64-debian-gcc 1.0.7 27.38 17.45 44.83 OK
r-devel-linux-x86_64-fedora-clang 1.0.7 107.37 OK
r-devel-linux-x86_64-fedora-gcc 1.0.7 115.50 OK
r-devel-windows-x86_64 1.0.7 36.00 65.00 101.00 OK
r-patched-linux-x86_64 1.0.7 39.80 20.42 60.22 OK
r-release-linux-x86_64 1.0.7 35.93 20.71 56.64 OK
r-release-macos-arm64 1.0.7 38.00 NOTE
r-release-macos-x86_64 1.0.7 40.00 NOTE
r-release-windows-x86_64 1.0.7 37.00 63.00 100.00 OK
r-oldrel-macos-arm64 1.0.7 35.00 NOTE
r-oldrel-macos-x86_64 1.0.7 71.00 NOTE
r-oldrel-windows-x86_64 1.0.7 42.00 69.00 111.00 OK

Check Details

Version: 1.0.7
Check: installed package size
Result: NOTE installed size is 6.6Mb sub-directories of 1Mb or more: libs 6.5Mb Flavors: r-release-macos-arm64, r-release-macos-x86_64, r-oldrel-macos-arm64, r-oldrel-macos-x86_64