Last updated on 2024-05-01 16:52:48 CEST.
Flavor | Version | Tinstall | Tcheck | Ttotal | Status | Flags |
---|---|---|---|---|---|---|
r-devel-linux-x86_64-debian-clang | 1.0.5 | 53.79 | 130.12 | 183.91 | OK | |
r-devel-linux-x86_64-debian-gcc | 1.0.5 | 41.95 | 110.69 | 152.64 | OK | |
r-devel-linux-x86_64-fedora-clang | 1.0.5 | 239.40 | NOTE | |||
r-devel-linux-x86_64-fedora-gcc | 1.0.5 | 271.82 | OK | |||
r-devel-windows-x86_64 | 1.0.5 | 43.00 | 177.00 | 220.00 | NOTE | |
r-patched-linux-x86_64 | 1.0.5 | 51.33 | 139.57 | 190.90 | OK | |
r-release-linux-x86_64 | 1.0.5 | 52.64 | 142.36 | 195.00 | OK | |
r-release-macos-arm64 | 1.0.5 | 122.00 | NOTE | |||
r-release-macos-x86_64 | 1.0.5 | 301.00 | NOTE | |||
r-release-windows-x86_64 | 1.0.5 | 42.00 | 173.00 | 215.00 | NOTE | |
r-oldrel-macos-arm64 | 1.0.5 | 127.00 | NOTE | |||
r-oldrel-macos-x86_64 | 1.0.5 | 310.00 | NOTE | |||
r-oldrel-windows-x86_64 | 1.0.5 | 51.00 | 192.00 | 243.00 | NOTE |
Version: 1.0.5
Check: installed package size
Result: NOTE
installed size is 5.2Mb
sub-directories of 1Mb or more:
data 3.5Mb
doc 1.0Mb
Flavors: r-devel-linux-x86_64-fedora-clang, r-devel-windows-x86_64, r-release-macos-arm64, r-release-macos-x86_64, r-release-windows-x86_64, r-oldrel-macos-arm64, r-oldrel-macos-x86_64, r-oldrel-windows-x86_64