Last updated on 2024-04-17 13:57:22 CEST.
Flavor | Version | Tinstall | Tcheck | Ttotal | Status | Flags |
---|---|---|---|---|---|---|
r-devel-linux-x86_64-debian-clang | 1.1.5 | 94.78 | 65.42 | 160.20 | OK | |
r-devel-linux-x86_64-debian-gcc | 1.1.5 | 76.30 | 47.55 | 123.85 | OK | |
r-devel-linux-x86_64-fedora-clang | 1.1.5 | 216.79 | OK | |||
r-devel-linux-x86_64-fedora-gcc | 1.1.5 | 226.86 | OK | |||
r-prerel-macos-arm64 | 1.1.5 | 57.00 | NOTE | |||
r-prerel-windows-x86_64 | 1.1.5 | 74.00 | 93.00 | 167.00 | OK | |
r-patched-linux-x86_64 | 1.1.5 | 97.77 | 61.16 | 158.93 | OK | |
r-release-linux-x86_64 | 1.1.5 | 86.12 | 63.13 | 149.25 | OK | |
r-release-macos-arm64 | 1.1.5 | 65.00 | NOTE | |||
r-release-macos-x86_64 | 1.1.5 | 110.00 | NOTE | |||
r-release-windows-x86_64 | 1.1.5 | 90.00 | 103.00 | 193.00 | OK | |
r-oldrel-macos-arm64 | 1.1.5 | 60.00 | NOTE | |||
r-oldrel-windows-x86_64 | 1.1.5 | 90.00 | 97.00 | 187.00 | OK |
Version: 1.1.5
Check: installed package size
Result: NOTE
installed size is 13.5Mb
sub-directories of 1Mb or more:
libs 13.0Mb
Flavors: r-prerel-macos-arm64, r-release-macos-arm64, r-release-macos-x86_64, r-oldrel-macos-arm64