Last updated on 2024-05-01 16:52:48 CEST.
Flavor | Version | Tinstall | Tcheck | Ttotal | Status | Flags |
---|---|---|---|---|---|---|
r-devel-linux-x86_64-debian-clang | 1.0-2 | 9.43 | 52.75 | 62.18 | OK | |
r-devel-linux-x86_64-debian-gcc | 1.0-2 | 6.59 | 38.93 | 45.52 | OK | |
r-devel-linux-x86_64-fedora-clang | 1.0-2 | 76.77 | NOTE | |||
r-devel-linux-x86_64-fedora-gcc | 1.0-2 | 71.32 | NOTE | |||
r-devel-windows-x86_64 | 1.0-2 | 8.00 | 54.00 | 62.00 | OK | |
r-patched-linux-x86_64 | 1.0-2 | 7.70 | 49.49 | 57.19 | OK | |
r-release-linux-x86_64 | 1.0-2 | 6.50 | 49.75 | 56.25 | OK | |
r-release-macos-arm64 | 1.0-2 | 23.00 | OK | |||
r-release-windows-x86_64 | 1.0-2 | 9.00 | 55.00 | 64.00 | OK | |
r-oldrel-macos-arm64 | 1.0-2 | 27.00 | OK | |||
r-oldrel-macos-x86_64 | 1.0-2 | 36.00 | OK | |||
r-oldrel-windows-x86_64 | 1.0-2 | 10.00 | 59.00 | 69.00 | OK |
Version: 1.0-2
Check: dependencies in R code
Result: NOTE
Namespace in Imports field not imported from: ‘shiny’
All declared Imports should be used.
Flavors: r-devel-linux-x86_64-fedora-clang, r-devel-linux-x86_64-fedora-gcc