CRAN Package Check Results for Package bmabasket

Last updated on 2025-01-19 05:49:04 CET.

Flavor Version Tinstall Tcheck Ttotal Status Flags
r-devel-linux-x86_64-debian-clang 0.1.2 30.58 25.12 55.70 NOTE
r-devel-linux-x86_64-debian-gcc 0.1.2 22.99 20.03 43.02 NOTE
r-devel-linux-x86_64-fedora-clang 0.1.2 106.94 NOTE
r-devel-linux-x86_64-fedora-gcc 0.1.2 111.30 NOTE
r-devel-windows-x86_64 0.1.2 35.00 68.00 103.00 NOTE
r-patched-linux-x86_64 0.1.2 31.73 23.87 55.60 NOTE
r-release-linux-x86_64 0.1.2 31.19 23.73 54.92 NOTE
r-release-macos-arm64 0.1.2 30.00 NOTE
r-release-macos-x86_64 0.1.2 36.00 NOTE
r-release-windows-x86_64 0.1.2 35.00 65.00 100.00 NOTE
r-oldrel-macos-arm64 0.1.2 32.00 NOTE
r-oldrel-macos-x86_64 0.1.2 54.00 NOTE
r-oldrel-windows-x86_64 0.1.2 39.00 77.00 116.00 NOTE

Check Details

Version: 0.1.2
Check: C++ specification
Result: NOTE Specified C++11: please drop specification unless essential Flavors: r-devel-linux-x86_64-debian-clang, r-devel-linux-x86_64-debian-gcc, r-devel-linux-x86_64-fedora-clang, r-devel-linux-x86_64-fedora-gcc, r-devel-windows-x86_64, r-patched-linux-x86_64, r-release-linux-x86_64, r-release-macos-arm64, r-release-macos-x86_64, r-release-windows-x86_64, r-oldrel-macos-arm64, r-oldrel-macos-x86_64, r-oldrel-windows-x86_64