Last updated on 2025-01-19 05:49:04 CET.
Flavor | Version | Tinstall | Tcheck | Ttotal | Status | Flags |
---|---|---|---|---|---|---|
r-devel-linux-x86_64-debian-clang | 1.3.15 | 262.95 | 117.39 | 380.34 | OK | |
r-devel-linux-x86_64-debian-gcc | 1.3.15 | 237.12 | 105.95 | 343.07 | OK | |
r-devel-linux-x86_64-fedora-clang | 1.3.15 | 595.59 | NOTE | |||
r-devel-linux-x86_64-fedora-gcc | 1.3.15 | 802.71 | NOTE | |||
r-devel-windows-x86_64 | 1.3.15 | 231.00 | 150.00 | 381.00 | OK | |
r-patched-linux-x86_64 | 1.3.15 | 249.68 | 135.32 | 385.00 | OK | |
r-release-linux-x86_64 | 1.3.15 | 315.49 | 136.57 | 452.06 | OK | |
r-release-macos-arm64 | 1.3.15 | 164.00 | NOTE | |||
r-release-macos-x86_64 | 1.3.15 | 217.00 | NOTE | |||
r-release-windows-x86_64 | 1.3.15 | 225.00 | 147.00 | 372.00 | OK | |
r-oldrel-macos-arm64 | 1.3.15 | 182.00 | NOTE | |||
r-oldrel-macos-x86_64 | 1.3.15 | 259.00 | NOTE | |||
r-oldrel-windows-x86_64 | 1.3.15 | 327.00 | 184.00 | 511.00 | OK |
Version: 1.3.15
Check: dependencies in R code
Result: NOTE
Namespaces in Imports field not imported from:
‘RcppParallel’ ‘rstantools’
All declared Imports should be used.
Flavors: r-devel-linux-x86_64-fedora-clang, r-devel-linux-x86_64-fedora-gcc
Version: 1.3.15
Check: installed package size
Result: NOTE
installed size is 64.9Mb
sub-directories of 1Mb or more:
libs 64.6Mb
Flavors: r-release-macos-arm64, r-release-macos-x86_64, r-oldrel-macos-arm64, r-oldrel-macos-x86_64
Version: 1.3.15
Check: for GNU extensions in Makefiles
Result: NOTE
GNU make is a SystemRequirements.
Flavors: r-release-macos-arm64, r-release-macos-x86_64, r-oldrel-macos-arm64, r-oldrel-macos-x86_64