Last updated on 2025-01-19 05:49:04 CET.
Flavor | Version | Tinstall | Tcheck | Ttotal | Status | Flags |
---|---|---|---|---|---|---|
r-devel-linux-x86_64-debian-clang | 1.2.1.0 | 21.38 | 115.81 | 137.19 | NOTE | |
r-devel-linux-x86_64-debian-gcc | 1.2.1.0 | 15.72 | 86.40 | 102.12 | NOTE | |
r-devel-linux-x86_64-fedora-clang | 1.2.1.0 | 228.27 | NOTE | |||
r-devel-linux-x86_64-fedora-gcc | 1.2.1.0 | 229.75 | NOTE | |||
r-devel-windows-x86_64 | 1.2.1.0 | 16.00 | 110.00 | 126.00 | NOTE | |
r-patched-linux-x86_64 | 1.2.1.0 | 22.32 | 109.35 | 131.67 | NOTE | |
r-release-linux-x86_64 | 1.2.1.0 | 24.38 | 111.57 | 135.95 | NOTE | |
r-release-macos-arm64 | 1.2.1.0 | 66.00 | NOTE | |||
r-release-macos-x86_64 | 1.2.1.0 | 96.00 | NOTE | |||
r-release-windows-x86_64 | 1.2.1.0 | 15.00 | 108.00 | 123.00 | NOTE | |
r-oldrel-macos-arm64 | 1.2.1.0 | 51.00 | OK | |||
r-oldrel-macos-x86_64 | 1.2.1.0 | 85.00 | OK | |||
r-oldrel-windows-x86_64 | 1.2.1.0 | 21.00 | 132.00 | 153.00 | OK |
Version: 1.2.1.0
Check: Rd files
Result: NOTE
checkRd: (-1) BMSC_pareto_k_table.Rd:54-56: Lost braces in \itemize; \value handles \item{}{} directly
checkRd: (-1) BMSC_pareto_k_table.Rd:57-59: Lost braces in \itemize; \value handles \item{}{} directly
checkRd: (-1) BMSC_pareto_k_table.Rd:60-63: Lost braces in \itemize; \value handles \item{}{} directly
checkRd: (-1) BMSC_pareto_k_table.Rd:64-66: Lost braces in \itemize; \value handles \item{}{} directly
checkRd: (-1) BMSC_pareto_k_table.Rd:67-71: Lost braces in \itemize; \value handles \item{}{} directly
checkRd: (-1) BMSC_pareto_k_table.Rd:72-74: Lost braces in \itemize; \value handles \item{}{} directly
Flavors: r-devel-linux-x86_64-debian-clang, r-devel-linux-x86_64-debian-gcc, r-devel-linux-x86_64-fedora-clang, r-devel-linux-x86_64-fedora-gcc, r-devel-windows-x86_64, r-patched-linux-x86_64, r-release-linux-x86_64, r-release-macos-arm64, r-release-macos-x86_64, r-release-windows-x86_64