Last updated on 2025-01-19 05:49:04 CET.
Flavor | Version | Tinstall | Tcheck | Ttotal | Status | Flags |
---|---|---|---|---|---|---|
r-devel-linux-x86_64-debian-clang | 0.7.9 | 375.58 | 529.89 | 905.47 | NOTE | |
r-devel-linux-x86_64-debian-gcc | 0.7.9 | 370.91 | 385.54 | 756.45 | NOTE | |
r-devel-linux-x86_64-fedora-clang | 0.7.9 | 1671.55 | OK | |||
r-devel-linux-x86_64-fedora-gcc | 0.7.9 | 2066.08 | OK | |||
r-devel-windows-x86_64 | 0.7.9 | 399.00 | 480.00 | 879.00 | NOTE | |
r-patched-linux-x86_64 | 0.7.9 | 460.21 | 543.79 | 1004.00 | NOTE | |
r-release-linux-x86_64 | 0.7.9 | 408.54 | 539.94 | 948.48 | NOTE | |
r-release-macos-arm64 | 0.7.9 | 388.00 | NOTE | |||
r-release-macos-x86_64 | 0.7.9 | 492.00 | NOTE | |||
r-release-windows-x86_64 | 0.7.9 | 409.00 | 479.00 | 888.00 | NOTE | |
r-oldrel-macos-arm64 | 0.7.9 | 265.00 | NOTE | |||
r-oldrel-macos-x86_64 | 0.7.9 | 354.00 | NOTE | |||
r-oldrel-windows-x86_64 | 0.7.9 | 446.00 | 628.00 | 1074.00 | NOTE |
Version: 0.7.9
Check: Rd cross-references
Result: NOTE
Found the following Rd file(s) with Rd \link{} targets missing package
anchors:
Bspatial.Rd: spLM
Bsptime.Rd: spDynLM, spT.time, spLM
Please provide package anchors for all Rd \link{} targets not in the
package itself and the base packages.
Flavors: r-devel-linux-x86_64-debian-clang, r-devel-linux-x86_64-debian-gcc, r-devel-windows-x86_64
Version: 0.7.9
Check: package dependencies
Result: NOTE
Package suggested but not available for checking: ‘INLA’
Flavors: r-patched-linux-x86_64, r-release-linux-x86_64, r-release-macos-arm64, r-release-macos-x86_64, r-oldrel-macos-arm64, r-oldrel-macos-x86_64, r-oldrel-windows-x86_64
Version: 0.7.9
Check: for GNU extensions in Makefiles
Result: NOTE
GNU make is a SystemRequirements.
Flavors: r-patched-linux-x86_64, r-release-linux-x86_64, r-release-macos-arm64, r-release-macos-x86_64, r-release-windows-x86_64, r-oldrel-macos-arm64, r-oldrel-macos-x86_64, r-oldrel-windows-x86_64
Version: 0.7.9
Check: installed package size
Result: NOTE
installed size is 105.9Mb
sub-directories of 1Mb or more:
libs 102.6Mb
Flavors: r-release-macos-arm64, r-release-macos-x86_64, r-release-windows-x86_64, r-oldrel-macos-arm64, r-oldrel-macos-x86_64, r-oldrel-windows-x86_64