Last updated on 2021-01-15 12:50:13 CET.
Flavor | Version | Tinstall | Tcheck | Ttotal | Status | Flags |
---|---|---|---|---|---|---|
r-devel-linux-x86_64-debian-clang | 0.4.5 | 137.94 | 113.63 | 251.57 | OK | |
r-devel-linux-x86_64-debian-gcc | 0.4.5 | 75.52 | 80.23 | 155.75 | OK | |
r-devel-linux-x86_64-fedora-clang | 0.4.5 | 326.07 | NOTE | |||
r-devel-linux-x86_64-fedora-gcc | 0.4.5 | 284.96 | OK | |||
r-devel-windows-ix86+x86_64 | 0.4.5 | 253.00 | 227.00 | 480.00 | OK | |
r-patched-linux-x86_64 | 0.4.5 | 103.13 | 106.93 | 210.06 | OK | |
r-patched-solaris-x86 | 0.4.5 | 245.20 | OK | |||
r-release-linux-x86_64 | 0.4.5 | 104.81 | 107.58 | 212.39 | OK | |
r-release-macos-x86_64 | 0.4.5 | NOTE | ||||
r-release-windows-ix86+x86_64 | 0.4.5 | 244.00 | 183.00 | 427.00 | OK | |
r-oldrel-macos-x86_64 | 0.4.5 | NOTE | ||||
r-oldrel-windows-ix86+x86_64 | 0.4.5 | 176.00 | 151.00 | 327.00 | OK |
Version: 0.4.5
Check: installed package size
Result: NOTE
installed size is 7.9Mb
sub-directories of 1Mb or more:
libs 7.1Mb
Flavors: r-devel-linux-x86_64-fedora-clang, r-release-macos-x86_64, r-oldrel-macos-x86_64