Last updated on 2025-01-19 05:49:04 CET.
Flavor | Version | Tinstall | Tcheck | Ttotal | Status | Flags |
---|---|---|---|---|---|---|
r-devel-linux-x86_64-debian-clang | 1.1 | 7.46 | 76.72 | 84.18 | OK | |
r-devel-linux-x86_64-debian-gcc | 1.1 | 6.14 | 57.23 | 63.37 | OK | |
r-devel-linux-x86_64-fedora-clang | 1.1 | 138.72 | NOTE | |||
r-devel-linux-x86_64-fedora-gcc | 1.1 | 146.95 | NOTE | |||
r-devel-windows-x86_64 | 1.1 | 9.00 | 86.00 | 95.00 | OK | |
r-patched-linux-x86_64 | 1.1 | 8.69 | 71.77 | 80.46 | OK | |
r-release-linux-x86_64 | 1.1 | 8.42 | 71.57 | 79.99 | OK | |
r-release-macos-arm64 | 1.1 | 54.00 | OK | |||
r-release-macos-x86_64 | 1.1 | 78.00 | OK | |||
r-release-windows-x86_64 | 1.1 | 12.00 | 89.00 | 101.00 | OK | |
r-oldrel-macos-arm64 | 1.1 | 48.00 | OK | |||
r-oldrel-macos-x86_64 | 1.1 | 72.00 | OK | |||
r-oldrel-windows-x86_64 | 1.1 | 12.00 | 103.00 | 115.00 | OK |
Version: 1.1
Check: dependencies in R code
Result: NOTE
Namespace in Imports field not imported from: ‘dplyr’
All declared Imports should be used.
Flavors: r-devel-linux-x86_64-fedora-clang, r-devel-linux-x86_64-fedora-gcc