CRAN Package Check Results for Package bnlearn

Last updated on 2020-05-28 12:48:35 CEST.

Flavor Version Tinstall Tcheck Ttotal Status Flags
r-devel-linux-x86_64-debian-clang 4.5 44.12 89.99 134.11 OK
r-devel-linux-x86_64-debian-gcc 4.5 33.02 68.25 101.27 OK
r-devel-linux-x86_64-fedora-clang 4.5 164.90 OK
r-devel-linux-x86_64-fedora-gcc 4.5 157.10 OK
r-devel-windows-ix86+x86_64 4.5 123.00 152.00 275.00 OK
r-patched-linux-x86_64 4.5 33.12 91.57 124.69 OK
r-patched-solaris-x86 4.5 208.20 OK
r-release-linux-x86_64 4.5 35.33 91.17 126.50 OK
r-release-osx-x86_64 4.5 OK
r-release-windows-ix86+x86_64 4.5 120.00 156.00 276.00 OK
r-oldrel-osx-x86_64 4.5 NOTE
r-oldrel-windows-ix86+x86_64 4.5 170.00 113.00 283.00 OK

Additional issues

rchk

Check Details

Version: 4.5
Check: package dependencies
Result: NOTE
    Packages suggested but not available for checking:
     'graph', 'Rgraphviz', 'gRain'
Flavor: r-oldrel-osx-x86_64