Last updated on 2025-01-19 05:49:04 CET.
Flavor | Version | Tinstall | Tcheck | Ttotal | Status | Flags |
---|---|---|---|---|---|---|
r-devel-linux-x86_64-debian-clang | 5.0.2 | 52.64 | 96.45 | 149.09 | OK | |
r-devel-linux-x86_64-debian-gcc | 5.0.2 | 40.24 | 63.03 | 103.27 | OK | |
r-devel-linux-x86_64-fedora-clang | 5.0.2 | 237.89 | OK | |||
r-devel-linux-x86_64-fedora-gcc | 5.0.2 | 236.76 | OK | |||
r-devel-windows-x86_64 | 5.0.2 | 96.00 | 117.00 | 213.00 | OK | |
r-patched-linux-x86_64 | 5.0.2 | 51.78 | 87.61 | 139.39 | OK | |
r-release-linux-x86_64 | 5.0.2 | 48.06 | 89.49 | 137.55 | OK | |
r-release-macos-arm64 | 5.0.2 | 67.00 | OK | |||
r-release-macos-x86_64 | 5.0.2 | 103.00 | OK | |||
r-release-windows-x86_64 | 5.0.2 | 92.00 | 117.00 | 209.00 | OK | |
r-oldrel-macos-arm64 | 4.9.4 | 83.00 | OK | |||
r-oldrel-macos-x86_64 | 4.9.4 | 178.00 | NOTE | |||
r-oldrel-windows-x86_64 | 4.9.4 | 94.00 | 141.00 | 235.00 | OK |
Version: 4.9.4
Check: installed package size
Result: NOTE
installed size is 5.1Mb
sub-directories of 1Mb or more:
data 2.1Mb
libs 1.7Mb
Flavor: r-oldrel-macos-x86_64