Last updated on 2025-01-19 05:49:04 CET.
Flavor | Version | Tinstall | Tcheck | Ttotal | Status | Flags |
---|---|---|---|---|---|---|
r-devel-linux-x86_64-debian-clang | 1.6.0 | 8.44 | 334.20 | 342.64 | NOTE | |
r-devel-linux-x86_64-debian-gcc | 1.6.0 | 5.74 | 230.68 | 236.42 | NOTE | |
r-devel-linux-x86_64-fedora-clang | 1.6.0 | 589.39 | OK | |||
r-devel-linux-x86_64-fedora-gcc | 1.6.0 | 605.09 | OK | |||
r-devel-windows-x86_64 | 1.6.0 | 11.00 | 546.00 | 557.00 | NOTE | |
r-patched-linux-x86_64 | 1.6.0 | 12.33 | 327.77 | 340.10 | OK | |
r-release-linux-x86_64 | 1.6.0 | 8.37 | 318.86 | 327.23 | OK | |
r-release-macos-arm64 | 1.6.0 | 160.00 | OK | |||
r-release-macos-x86_64 | 1.6.0 | 325.00 | OK | |||
r-release-windows-x86_64 | 1.6.0 | 13.00 | 546.00 | 559.00 | OK | |
r-oldrel-macos-arm64 | 1.6.0 | 175.00 | OK | |||
r-oldrel-macos-x86_64 | 1.6.0 | 469.00 | OK | |||
r-oldrel-windows-x86_64 | 1.6.0 | 13.00 | 525.00 | 538.00 | OK |
Version: 1.6.0
Check: Rd cross-references
Result: NOTE
Found the following Rd file(s) with Rd \link{} targets missing package
anchors:
network.run.Rd: jags.model
Please provide package anchors for all Rd \link{} targets not in the
package itself and the base packages.
Flavors: r-devel-linux-x86_64-debian-clang, r-devel-linux-x86_64-debian-gcc, r-devel-windows-x86_64