Last updated on 2024-04-17 13:57:23 CEST.
Flavor | Version | Tinstall | Tcheck | Ttotal | Status | Flags |
---|---|---|---|---|---|---|
r-devel-linux-x86_64-debian-clang | 0.1.1 | 8.90 | 47.75 | 56.65 | NOTE | |
r-devel-linux-x86_64-debian-gcc | 0.1.1 | 7.67 | 37.01 | 44.68 | NOTE | |
r-devel-linux-x86_64-fedora-clang | 0.1.1 | 72.17 | NOTE | |||
r-devel-linux-x86_64-fedora-gcc | 0.1.1 | 81.57 | NOTE | |||
r-prerel-macos-arm64 | 0.1.1 | 34.00 | NOTE | |||
r-prerel-windows-x86_64 | 0.1.1 | 11.00 | 54.00 | 65.00 | NOTE | |
r-patched-linux-x86_64 | 0.1.1 | 9.81 | 46.09 | 55.90 | NOTE | |
r-release-linux-x86_64 | 0.1.1 | 8.93 | 44.49 | 53.42 | OK | |
r-release-macos-arm64 | 0.1.1 | 36.00 | NOTE | |||
r-release-macos-x86_64 | 0.1.1 | 53.00 | NOTE | |||
r-release-windows-x86_64 | 0.1.1 | 9.00 | 68.00 | 77.00 | NOTE | |
r-oldrel-macos-arm64 | 0.1.1 | 34.00 | NOTE | |||
r-oldrel-windows-x86_64 | 0.1.1 | 13.00 | 67.00 | 80.00 | NOTE |
Version: 0.1.1
Check: Rd files
Result: NOTE
checkRd: (-1) refAnnots.Rd:10: Lost braces in \itemize; meant \describe ?
checkRd: (-1) refAnnots.Rd:11-12: Lost braces in \itemize; meant \describe ?
checkRd: (-1) untreatedAnnots.Rd:10: Lost braces in \itemize; meant \describe ?
checkRd: (-1) untreatedAnnots.Rd:11-12: Lost braces in \itemize; meant \describe ?
checkRd: (-1) untreatedAnnots.Rd:13-14: Lost braces in \itemize; meant \describe ?
Flavors: r-devel-linux-x86_64-debian-clang, r-devel-linux-x86_64-debian-gcc, r-devel-linux-x86_64-fedora-clang, r-devel-linux-x86_64-fedora-gcc, r-prerel-macos-arm64, r-prerel-windows-x86_64, r-patched-linux-x86_64
Version: 0.1.1
Check: installed package size
Result: NOTE
installed size is 7.2Mb
sub-directories of 1Mb or more:
data 7.0Mb
Flavors: r-devel-linux-x86_64-fedora-clang, r-prerel-macos-arm64, r-prerel-windows-x86_64, r-release-macos-arm64, r-release-macos-x86_64, r-release-windows-x86_64, r-oldrel-macos-arm64, r-oldrel-windows-x86_64